Last updated on 2025-07-04 13:49:50 CEST.
Flavor | Version | Tinstall | Tcheck | Ttotal | Status | Flags |
---|---|---|---|---|---|---|
r-devel-linux-x86_64-debian-clang | 0.2.3 | 9.85 | 144.41 | 154.26 | NOTE | |
r-devel-linux-x86_64-debian-gcc | 0.2.3 | 7.02 | 100.45 | 107.47 | NOTE | |
r-devel-linux-x86_64-fedora-clang | 0.2.3 | 239.35 | OK | |||
r-devel-linux-x86_64-fedora-gcc | 0.2.3 | 246.31 | OK | |||
r-devel-windows-x86_64 | 0.2.3 | 11.00 | 155.00 | 166.00 | OK | |
r-patched-linux-x86_64 | 0.2.3 | 10.45 | 136.02 | 146.47 | OK | |
r-release-linux-x86_64 | 0.2.3 | 8.98 | 138.33 | 147.31 | OK | |
r-release-macos-arm64 | 0.2.3 | 85.00 | OK | |||
r-release-macos-x86_64 | 0.2.3 | 150.00 | OK | |||
r-release-windows-x86_64 | 0.2.3 | 11.00 | 159.00 | 170.00 | OK | |
r-oldrel-macos-arm64 | 0.2.3 | 71.00 | OK | |||
r-oldrel-macos-x86_64 | 0.2.3 | 114.00 | OK | |||
r-oldrel-windows-x86_64 | 0.2.3 | 14.00 | 192.00 | 206.00 | OK |
Version: 0.2.3
Check: CRAN incoming feasibility
Result: NOTE
Maintainer: ‘William George Underwood <wgu2@princeton.edu>’
The Description field contains
and Cucuringu (2020) <arXiv:2004.01293>.
Please refer to arXiv e-prints via their arXiv DOI <doi:10.48550/arXiv.YYMM.NNNNN>.
Flavors: r-devel-linux-x86_64-debian-clang, r-devel-linux-x86_64-debian-gcc