Last updated on 2024-06-29 11:49:17 CEST.
Flavor | Version | Tinstall | Tcheck | Ttotal | Status | Flags |
---|---|---|---|---|---|---|
r-devel-linux-x86_64-debian-clang | 0.6.1 | 18.64 | 221.09 | 239.73 | OK | |
r-devel-linux-x86_64-debian-gcc | 0.6.1 | 15.14 | 160.61 | 175.75 | OK | |
r-devel-linux-x86_64-fedora-clang | 0.6.1 | 296.67 | NOTE | |||
r-devel-linux-x86_64-fedora-gcc | 0.6.1 | 298.58 | NOTE | |||
r-devel-windows-x86_64 | 0.6.1 | 19.00 | 178.00 | 197.00 | OK | |
r-patched-linux-x86_64 | 0.6.1 | 25.50 | 208.86 | 234.36 | OK | |
r-release-linux-x86_64 | 0.6.1 | 18.93 | 213.31 | 232.24 | OK | |
r-release-macos-arm64 | 0.6.1 | 80.00 | OK | |||
r-release-macos-x86_64 | 0.6.1 | 125.00 | OK | |||
r-release-windows-x86_64 | 0.6.1 | 18.00 | 178.00 | 196.00 | OK | |
r-oldrel-macos-arm64 | 0.6.1 | 88.00 | OK | |||
r-oldrel-macos-x86_64 | 0.6.1 | 154.00 | OK | |||
r-oldrel-windows-x86_64 | 0.6.1 | 24.00 | 232.00 | 256.00 | OK |
Version: 0.6.1
Check: data for non-ASCII characters
Result: NOTE
Note: found 56 marked UTF-8 strings
Flavors: r-devel-linux-x86_64-fedora-clang, r-devel-linux-x86_64-fedora-gcc