CRAN Package Check Results for Package morepls

Last updated on 2025-04-30 07:55:14 CEST.

Flavor Version Tinstall Tcheck Ttotal Status Flags
r-devel-linux-x86_64-debian-clang 0.1 6.45 62.05 68.50 NOTE
r-devel-linux-x86_64-debian-gcc 0.1 4.00 42.70 46.70 OK
r-devel-linux-x86_64-fedora-clang 0.1 91.95 OK
r-devel-linux-x86_64-fedora-gcc 0.1 91.15 OK
r-devel-windows-x86_64 0.1 8.00 76.00 84.00 OK
r-patched-linux-x86_64 0.1 5.77 56.26 62.03 OK
r-release-linux-x86_64 0.1 5.70 57.17 62.87 OK
r-release-macos-arm64 0.1 31.00 OK
r-release-macos-x86_64 0.1 57.00 OK
r-release-windows-x86_64 0.1 9.00 74.00 83.00 OK
r-oldrel-macos-arm64 0.1 43.00 OK
r-oldrel-macos-x86_64 0.1 43.00 OK
r-oldrel-windows-x86_64 0.1 9.00 89.00 98.00 OK

Check Details

Version: 0.1
Check: examples
Result: NOTE Examples with CPU (user + system) or elapsed time > 5s user system elapsed plo_cor 4.505 0.035 5.779 plo_coef 3.961 0.062 6.048 Flavor: r-devel-linux-x86_64-debian-clang