CRAN Package Check Results for Package mojson

Last updated on 2025-11-02 08:48:45 CET.

Flavor Version Tinstall Tcheck Ttotal Status Flags
r-devel-linux-x86_64-debian-clang 0.1 5.60 39.29 44.89 NOTE
r-devel-linux-x86_64-debian-gcc 0.1 3.70 29.34 33.04 NOTE
r-devel-linux-x86_64-fedora-clang 0.1 11.00 54.70 65.70 OK
r-devel-linux-x86_64-fedora-gcc 0.1 10.00 65.28 75.28 OK
r-devel-windows-x86_64 0.1 6.00 53.00 59.00 OK
r-patched-linux-x86_64 0.1 4.39 36.40 40.79 OK
r-release-linux-x86_64 0.1 4.59 36.50 41.09 OK
r-release-macos-arm64 0.1 3.00 28.00 31.00 OK
r-release-macos-x86_64 0.1 6.00 66.00 72.00 OK
r-release-windows-x86_64 0.1 7.00 53.00 60.00 OK
r-oldrel-macos-arm64 0.1 3.00 28.00 31.00 NOTE
r-oldrel-macos-x86_64 0.1 4.00 46.00 50.00 NOTE
r-oldrel-windows-x86_64 0.1 10.00 66.00 76.00 NOTE

Check Details

Version: 0.1
Check: CRAN incoming feasibility
Result: NOTE Maintainer: ‘Bo Wei <ckris@163.com>’ No Authors@R field in DESCRIPTION. Please add one, modifying Authors@R: person(given = "Bo", family = "Wei", role = c("aut", "cre"), email = "ckris@163.com") as necessary. Flavors: r-devel-linux-x86_64-debian-clang, r-devel-linux-x86_64-debian-gcc

Version: 0.1
Check: LazyData
Result: NOTE 'LazyData' is specified without a 'data' directory Flavors: r-oldrel-macos-arm64, r-oldrel-macos-x86_64, r-oldrel-windows-x86_64