Last updated on 2025-04-30 01:50:27 CEST.
Flavor | Version | Tinstall | Tcheck | Ttotal | Status | Flags |
---|---|---|---|---|---|---|
r-devel-linux-x86_64-debian-clang | 1.0.1 | 10.65 | 414.04 | 424.69 | NOTE | |
r-devel-linux-x86_64-debian-gcc | 1.0.1 | 7.97 | 275.97 | 283.94 | OK | |
r-devel-linux-x86_64-fedora-clang | 1.0.1 | 648.64 | OK | |||
r-devel-linux-x86_64-fedora-gcc | 1.0.1 | 672.15 | OK | |||
r-devel-windows-x86_64 | 1.0.1 | 13.00 | 455.00 | 468.00 | OK | |
r-patched-linux-x86_64 | 1.0.1 | 10.28 | 397.53 | 407.81 | OK | |
r-release-linux-x86_64 | 1.0.1 | 11.22 | 398.91 | 410.13 | OK | |
r-release-macos-arm64 | 1.0.1 | 151.00 | OK | |||
r-release-macos-x86_64 | 1.0.1 | 348.00 | OK | |||
r-release-windows-x86_64 | 1.0.1 | 13.00 | 445.00 | 458.00 | OK | |
r-oldrel-macos-arm64 | 1.0.1 | 153.00 | OK | |||
r-oldrel-macos-x86_64 | 1.0.1 | 299.00 | OK | |||
r-oldrel-windows-x86_64 | 1.0.1 | 17.00 | 563.00 | 580.00 | OK |
Version: 1.0.1
Check: examples
Result: NOTE
Examples with CPU (user + system) or elapsed time > 5s
user system elapsed
distr_plots 4.337 0.395 6.567
Flavor: r-devel-linux-x86_64-debian-clang