Last updated on 2024-06-29 11:49:17 CEST.
Flavor | Version | Tinstall | Tcheck | Ttotal | Status | Flags |
---|---|---|---|---|---|---|
r-devel-linux-x86_64-debian-clang | 0.5.5 | 11.22 | 123.47 | 134.69 | NOTE | |
r-devel-linux-x86_64-debian-gcc | 0.5.5 | 8.01 | 91.22 | 99.23 | NOTE | |
r-devel-linux-x86_64-fedora-clang | 0.5.5 | 164.38 | NOTE | |||
r-devel-linux-x86_64-fedora-gcc | 0.5.5 | 169.09 | NOTE | |||
r-devel-windows-x86_64 | 0.5.5 | 10.00 | 112.00 | 122.00 | NOTE | |
r-patched-linux-x86_64 | 0.5.5 | 7.83 | 115.17 | 123.00 | NOTE | |
r-release-linux-x86_64 | 0.5.5 | 7.18 | 115.73 | 122.91 | NOTE | |
r-release-macos-arm64 | 0.5.5 | 57.00 | NOTE | |||
r-release-macos-x86_64 | 0.5.5 | 84.00 | NOTE | |||
r-release-windows-x86_64 | 0.5.5 | 10.00 | 111.00 | 121.00 | NOTE | |
r-oldrel-macos-arm64 | 0.5.5 | 58.00 | OK | |||
r-oldrel-macos-x86_64 | 0.5.5 | 96.00 | OK | |||
r-oldrel-windows-x86_64 | 0.5.5 | 15.00 | 129.00 | 144.00 | OK |
Version: 0.5.5
Check: Rd files
Result: NOTE
checkRd: (-1) geom_categorical_model.Rd:75: Lost braces; missing escapes or markup?
75 | the {ggplot2} package, but provides functionality that \code{geom_smooth()}
| ^
checkRd: (-1) geom_parallel_slopes.Rd:85: Lost braces; missing escapes or markup?
85 | {ggplot2} grouping aesthetics: \code{group}, \code{color}, \code{fill},
| ^
checkRd: (-1) geom_parallel_slopes.Rd:87: Lost braces; missing escapes or markup?
87 | {ggplot2} package, but provides functionality that \code{geom_smooth()}
| ^
Flavors: r-devel-linux-x86_64-debian-clang, r-devel-linux-x86_64-debian-gcc, r-devel-linux-x86_64-fedora-clang, r-devel-linux-x86_64-fedora-gcc, r-devel-windows-x86_64, r-patched-linux-x86_64, r-release-linux-x86_64, r-release-macos-arm64, r-release-macos-x86_64, r-release-windows-x86_64
Version: 0.5.5
Check: data for non-ASCII characters
Result: NOTE
Note: found 5238 marked UTF-8 strings
Flavors: r-devel-linux-x86_64-fedora-clang, r-devel-linux-x86_64-fedora-gcc