Last updated on 2025-11-04 03:50:58 CET.
| Flavor | Version | Tinstall | Tcheck | Ttotal | Status | Flags | 
|---|---|---|---|---|---|---|
| r-devel-linux-x86_64-debian-clang | 1.5.1 | 18.61 | 47.20 | 65.81 | OK | |
| r-devel-linux-x86_64-debian-gcc | 1.5.1 | 13.20 | 35.54 | 48.74 | OK | |
| r-devel-linux-x86_64-fedora-clang | 1.5.1 | 40.00 | 56.14 | 96.14 | OK | |
| r-devel-linux-x86_64-fedora-gcc | 1.5.1 | 37.00 | 55.84 | 92.84 | OK | |
| r-devel-windows-x86_64 | 1.5.1 | 24.00 | 74.00 | 98.00 | OK | |
| r-patched-linux-x86_64 | 1.5.1 | 18.09 | 43.56 | 61.65 | OK | |
| r-release-linux-x86_64 | 1.5.1 | 16.16 | 43.39 | 59.55 | OK | |
| r-release-macos-arm64 | 1.5.1 | 10.00 | 22.00 | 32.00 | OK | |
| r-release-macos-x86_64 | 1.5.1 | 23.00 | 44.00 | 67.00 | OK | |
| r-release-windows-x86_64 | 1.5.1 | 23.00 | 74.00 | 97.00 | OK | |
| r-oldrel-macos-arm64 | 1.5.1 | 12.00 | 30.00 | 42.00 | NOTE | |
| r-oldrel-macos-x86_64 | 1.5.1 | 22.00 | 76.00 | 98.00 | NOTE | |
| r-oldrel-windows-x86_64 | 1.5.1 | 28.00 | 87.00 | 115.00 | NOTE | 
Version: 1.5.1
Check: installed package size
Result: NOTE
    installed size is  5.4Mb
    sub-directories of 1Mb or more:
      data   5.2Mb
Flavors: r-oldrel-macos-arm64, r-oldrel-macos-x86_64, r-oldrel-windows-x86_64