Last updated on 2024-07-01 00:49:48 CEST.
Flavor | Version | Tinstall | Tcheck | Ttotal | Status | Flags |
---|---|---|---|---|---|---|
r-devel-linux-x86_64-debian-clang | 0.8.8 | 4.57 | 634.05 | 638.62 | OK | |
r-devel-linux-x86_64-debian-gcc | 0.8.8 | 4.45 | 492.86 | 497.31 | OK | |
r-devel-linux-x86_64-fedora-clang | 0.8.8 | 650.03 | OK | |||
r-devel-linux-x86_64-fedora-gcc | 0.8.8 | 926.41 | OK | |||
r-devel-windows-x86_64 | 0.8.8 | 5.00 | 113.00 | 118.00 | OK | |
r-patched-linux-x86_64 | 0.8.8 | 6.16 | 647.43 | 653.59 | OK | |
r-release-linux-x86_64 | 0.8.8 | 3.57 | 654.72 | 658.29 | OK | |
r-release-macos-arm64 | 0.8.8 | 163.00 | OK | |||
r-release-macos-x86_64 | 0.8.8 | 458.00 | OK | |||
r-release-windows-x86_64 | 0.8.8 | 7.00 | 116.00 | 123.00 | OK | |
r-oldrel-macos-arm64 | 0.8.8 | 10.00 | ERROR | |||
r-oldrel-macos-x86_64 | 0.8.8 | 11.00 | ERROR | |||
r-oldrel-windows-x86_64 | 0.8.8 | 7.00 | 43.00 | 50.00 | OK | --no-examples --no-tests --no-vignettes |
Version: 0.8.8
Check: package dependencies
Result: ERROR
Packages required and available but unsuitable versions:
'datawizard', 'performance'
See section ‘The DESCRIPTION file’ in the ‘Writing R Extensions’
manual.
Flavors: r-oldrel-macos-arm64, r-oldrel-macos-x86_64