Last updated on 2024-06-29 11:49:17 CEST.
Flavor | Version | Tinstall | Tcheck | Ttotal | Status | Flags |
---|---|---|---|---|---|---|
r-devel-linux-x86_64-debian-clang | 1.0.9 | 2.71 | 58.22 | 60.93 | OK | |
r-devel-linux-x86_64-debian-gcc | 1.0.9 | 2.22 | 42.35 | 44.57 | OK | |
r-devel-linux-x86_64-fedora-clang | 1.0.9 | 75.31 | NOTE | |||
r-devel-linux-x86_64-fedora-gcc | 1.0.9 | 73.94 | NOTE | |||
r-devel-windows-x86_64 | 1.0.9 | 4.00 | 63.00 | 67.00 | OK | |
r-patched-linux-x86_64 | 1.0.9 | 2.25 | 55.28 | 57.53 | OK | |
r-release-linux-x86_64 | 1.0.9 | 1.98 | 56.79 | 58.77 | OK | |
r-release-macos-arm64 | 1.0.9 | 26.00 | OK | |||
r-release-macos-x86_64 | 1.0.9 | 41.00 | OK | |||
r-release-windows-x86_64 | 1.0.9 | 4.00 | 63.00 | 67.00 | OK | |
r-oldrel-macos-arm64 | 1.0.9 | 26.00 | OK | |||
r-oldrel-macos-x86_64 | 1.0.9 | 37.00 | OK | |||
r-oldrel-windows-x86_64 | 1.0.9 | 5.00 | 83.00 | 88.00 | OK |
Version: 1.0.9
Check: dependencies in R code
Result: NOTE
Namespaces in Imports field not imported from:
‘MASS’ ‘Matrix’ ‘magrittr’ ‘reticulate’ ‘tensorflow’ ‘usethis’
All declared Imports should be used.
Flavors: r-devel-linux-x86_64-fedora-clang, r-devel-linux-x86_64-fedora-gcc