Last updated on 2024-06-29 11:49:17 CEST.
Flavor | Version | Tinstall | Tcheck | Ttotal | Status | Flags |
---|---|---|---|---|---|---|
r-devel-linux-x86_64-debian-clang | 0.3.12 | 660.00 | 247.75 | 907.75 | OK | |
r-devel-linux-x86_64-debian-gcc | 0.3.12 | 533.21 | 208.66 | 741.87 | OK | |
r-devel-linux-x86_64-fedora-clang | 0.3.12 | 1166.17 | NOTE | |||
r-devel-linux-x86_64-fedora-gcc | 0.3.12 | 1549.87 | OK | |||
r-devel-windows-x86_64 | 0.3.12 | 356.00 | 247.00 | 603.00 | NOTE | |
r-patched-linux-x86_64 | 0.3.11 | 641.26 | 273.77 | 915.03 | OK | |
r-release-linux-x86_64 | 0.3.11 | 481.73 | 276.71 | 758.44 | OK | |
r-release-macos-arm64 | 0.3.12 | 314.00 | NOTE | |||
r-release-macos-x86_64 | 0.3.12 | 509.00 | NOTE | |||
r-release-windows-x86_64 | 0.3.11 | 478.00 | 257.00 | 735.00 | NOTE | |
r-oldrel-macos-arm64 | 0.3.12 | 381.00 | NOTE | |||
r-oldrel-macos-x86_64 | 0.3.12 | 446.00 | NOTE | |||
r-oldrel-windows-x86_64 | 0.3.12 | 386.00 | 310.00 | 696.00 | NOTE |
Version: 0.3.12
Check: installed package size
Result: NOTE
installed size is 7.5Mb
sub-directories of 1Mb or more:
libs 5.6Mb
Flavors: r-devel-linux-x86_64-fedora-clang, r-devel-windows-x86_64, r-release-macos-arm64, r-release-macos-x86_64, r-oldrel-macos-arm64, r-oldrel-macos-x86_64, r-oldrel-windows-x86_64
Version: 0.3.11
Check: installed package size
Result: NOTE
installed size is 6.3Mb
sub-directories of 1Mb or more:
libs 4.5Mb
Flavor: r-release-windows-x86_64