Last updated on 2024-06-29 23:49:57 CEST.
Flavor | Version | Tinstall | Tcheck | Ttotal | Status | Flags |
---|---|---|---|---|---|---|
r-devel-linux-x86_64-debian-clang | 1.20 | 11.18 | 76.86 | 88.04 | OK | |
r-devel-linux-x86_64-debian-gcc | 1.20 | 7.02 | 58.28 | 65.30 | OK | |
r-devel-linux-x86_64-fedora-clang | 1.20 | 110.75 | NOTE | |||
r-devel-linux-x86_64-fedora-gcc | 1.20 | 105.72 | OK | |||
r-devel-windows-x86_64 | 1.20 | 8.00 | 71.00 | 79.00 | OK | |
r-patched-linux-x86_64 | 1.20 | 9.54 | 74.46 | 84.00 | OK | |
r-release-linux-x86_64 | 1.20 | 9.54 | 75.76 | 85.30 | OK | |
r-release-macos-arm64 | 1.20 | 31.00 | OK | |||
r-release-macos-x86_64 | 1.20 | 48.00 | OK | |||
r-release-windows-x86_64 | 1.20 | 8.00 | 70.00 | 78.00 | OK | |
r-oldrel-macos-arm64 | 1.20 | 34.00 | OK | |||
r-oldrel-macos-x86_64 | 1.20 | 55.00 | OK | |||
r-oldrel-windows-x86_64 | 1.20 | 9.00 | 91.00 | 100.00 | OK |
Version: 1.20
Check: Rd cross-references
Result: NOTE
Undeclared package ‘geeM’ in Rd xrefs
Flavor: r-devel-linux-x86_64-fedora-clang