Last updated on 2025-04-30 19:50:07 CEST.
Flavor | Version | Tinstall | Tcheck | Ttotal | Status | Flags |
---|---|---|---|---|---|---|
r-devel-linux-x86_64-debian-clang | 2025.3.30 | 5.00 | 278.78 | 283.78 | NOTE | |
r-devel-linux-x86_64-debian-gcc | 2025.3.30 | 3.33 | 195.09 | 198.42 | OK | |
r-devel-linux-x86_64-fedora-clang | 2025.3.30 | 427.16 | OK | |||
r-devel-linux-x86_64-fedora-gcc | 2025.3.30 | 439.01 | OK | |||
r-devel-windows-x86_64 | 2025.3.30 | 6.00 | 255.00 | 261.00 | OK | |
r-patched-linux-x86_64 | 2025.3.30 | 5.18 | 258.88 | 264.06 | OK | |
r-release-linux-x86_64 | 2025.3.30 | 3.84 | 265.59 | 269.43 | OK | |
r-release-macos-arm64 | 2025.3.30 | 124.00 | OK | |||
r-release-macos-x86_64 | 2025.3.30 | 236.00 | OK | |||
r-release-windows-x86_64 | 2025.3.30 | 7.00 | 252.00 | 259.00 | OK | |
r-oldrel-macos-arm64 | 2025.3.30 | 128.00 | OK | |||
r-oldrel-macos-x86_64 | 2025.3.30 | 263.00 | OK | |||
r-oldrel-windows-x86_64 | 2025.3.30 | 7.00 | 363.00 | 370.00 | OK |
Version: 2025.3.30
Check: examples
Result: NOTE
Examples with CPU (user + system) or elapsed time > 5s
user system elapsed
pvalue 5.939 0.194 9.750
score 4.063 0.025 5.881
Flavor: r-devel-linux-x86_64-debian-clang