Last updated on 2024-06-29 11:49:17 CEST.
Flavor | Version | Tinstall | Tcheck | Ttotal | Status | Flags |
---|---|---|---|---|---|---|
r-devel-linux-x86_64-debian-clang | 0.5.2 | 43.03 | 729.28 | 772.31 | OK | |
r-devel-linux-x86_64-debian-gcc | 0.5.2 | 28.59 | 530.57 | 559.16 | OK | |
r-devel-linux-x86_64-fedora-clang | 0.5.2 | 974.16 | OK | |||
r-devel-linux-x86_64-fedora-gcc | 0.5.2 | 910.22 | OK | |||
r-devel-windows-x86_64 | 0.5.2 | 29.00 | 421.00 | 450.00 | OK | |
r-patched-linux-x86_64 | 0.5.2 | 53.08 | 694.52 | 747.60 | OK | |
r-release-linux-x86_64 | 0.5.2 | 30.88 | 694.22 | 725.10 | OK | |
r-release-macos-arm64 | 0.5.2 | 192.00 | OK | |||
r-release-macos-x86_64 | 0.5.2 | 256.00 | ERROR | |||
r-release-windows-x86_64 | 0.5.2 | 30.00 | 424.00 | 454.00 | OK | |
r-oldrel-macos-arm64 | 0.5.2 | 179.00 | OK | |||
r-oldrel-macos-x86_64 | 0.5.2 | 370.00 | OK | |||
r-oldrel-windows-x86_64 | 0.5.2 | 38.00 | 561.00 | 599.00 | OK |
Version: 0.5.2
Check: examples
Result: ERROR
Running examples in ‘mlr3pipelines-Ex.R’ failed
The error most likely occurred in:
> ### Name: mlr_graphs_stacking
> ### Title: Create A Graph to Perform Stacking.
> ### Aliases: mlr_graphs_stacking pipeline_stacking
>
> ### ** Examples
>
> ## Don't show:
> if (requireNamespace("rpart")) {
+ ## End(Don't show)
+ if (requireNamespace("kknn")) {
+ library(mlr3)
+ library(mlr3learners)
+
+ base_learners = list(
+ lrn("classif.rpart", predict_type = "prob"),
+ lrn("classif.kknn", predict_type = "prob")
+ )
+ super_learner = lrn("classif.log_reg")
+
+ graph_stack = pipeline_stacking(base_learners, super_learner)
+ graph_learner = as_learner(graph_stack)
+ graph_learner$train(tsk("german_credit"))
+ }
+ ## Don't show:
+ }
Loading required namespace: kknn
Error in library(mlr3learners) :
there is no package called ‘mlr3learners’
Execution halted
Flavor: r-release-macos-x86_64