Last updated on 2025-05-02 02:51:00 CEST.
Flavor | Version | Tinstall | Tcheck | Ttotal | Status | Flags |
---|---|---|---|---|---|---|
r-devel-linux-x86_64-debian-clang | 1.0-8 | 6.39 | 194.40 | 200.79 | NOTE | |
r-devel-linux-x86_64-debian-gcc | 1.0-8 | 4.30 | 151.77 | 156.07 | NOTE | |
r-devel-linux-x86_64-fedora-clang | 1.0-8 | 326.15 | OK | |||
r-devel-linux-x86_64-fedora-gcc | 1.0-8 | 364.32 | OK | |||
r-devel-windows-x86_64 | 1.0-8 | 8.00 | 296.00 | 304.00 | OK | |
r-patched-linux-x86_64 | 1.0-8 | 6.56 | 205.10 | 211.66 | OK | |
r-release-linux-x86_64 | OK | |||||
r-release-macos-arm64 | 1.0-8 | 135.00 | OK | |||
r-release-macos-x86_64 | 1.0-8 | 254.00 | OK | |||
r-release-windows-x86_64 | 1.0-8 | 8.00 | 299.00 | 307.00 | OK | |
r-oldrel-macos-arm64 | 1.0-8 | 161.00 | OK | |||
r-oldrel-macos-x86_64 | 1.0-8 | 232.00 | OK | |||
r-oldrel-windows-x86_64 | 1.0-8 | 8.00 | 354.00 | 362.00 | OK |
Version: 1.0-8
Check: CRAN incoming feasibility
Result: NOTE
Maintainer: ‘Steve Walker <steve.walker@utoronto.ca>’
No Authors@R field in DESCRIPTION.
Please add one, modifying
Authors@R: c(person(given = "Douglas",
family = "Bates",
role = "aut",
email = "bates@stat.wisc.edu"),
person(given = "Martin",
family = "Maechler",
role = "aut",
email = "maechler@R-project.org"),
person(given = "Ben",
family = "Bolker",
role = "aut",
email = "bolker@mcmaster.ca"),
person(given = "Steve",
family = "Walker",
role = "cre",
email = "steve.walker@utoronto.ca"))
as necessary.
Flavors: r-devel-linux-x86_64-debian-clang, r-devel-linux-x86_64-debian-gcc
Version: 1.0-8
Check: examples
Result: NOTE
Examples with CPU (user + system) or elapsed time > 5s
user system elapsed
Contraception 3.33 0.004 6.171
Flavor: r-devel-linux-x86_64-debian-clang