Last updated on 2025-05-01 01:49:38 CEST.
Flavor | Version | Tinstall | Tcheck | Ttotal | Status | Flags |
---|---|---|---|---|---|---|
r-devel-linux-x86_64-debian-clang | 1.4.0 | 5.53 | 49.32 | 54.85 | NOTE | |
r-devel-linux-x86_64-debian-gcc | 1.4.0 | 4.03 | 33.01 | 37.04 | NOTE | |
r-devel-linux-x86_64-fedora-clang | 1.4.0 | 85.35 | OK | |||
r-devel-linux-x86_64-fedora-gcc | 1.4.0 | 81.22 | OK | |||
r-devel-windows-x86_64 | 1.4.0 | 6.00 | 72.00 | 78.00 | OK | |
r-patched-linux-x86_64 | 1.4.0 | 5.13 | 46.67 | 51.80 | OK | |
r-release-linux-x86_64 | 1.4.0 | 4.64 | 45.46 | 50.10 | OK | |
r-release-macos-arm64 | 1.4.0 | 26.00 | OK | |||
r-release-macos-x86_64 | 1.4.0 | 62.00 | OK | |||
r-release-windows-x86_64 | 1.4.0 | 6.00 | 75.00 | 81.00 | OK | |
r-oldrel-macos-arm64 | 1.4.0 | 25.00 | OK | |||
r-oldrel-macos-x86_64 | 1.4.0 | 37.00 | OK | |||
r-oldrel-windows-x86_64 | 1.4.0 | 5.00 | 74.00 | 79.00 | OK |
Version: 1.4.0
Check: CRAN incoming feasibility
Result: NOTE
Maintainer: ‘Xiangwei Zhu <xwzhunc@gmail.com>’
No Authors@R field in DESCRIPTION.
Please add one, modifying
Authors@R: person(given = "Xiangwei",
family = "Zhu",
role = c("aut", "cre"),
email = "xwzhunc@gmail.com")
as necessary.
Flavors: r-devel-linux-x86_64-debian-clang, r-devel-linux-x86_64-debian-gcc
Version: 1.4.0
Check: examples
Result: NOTE
Examples with CPU (user + system) or elapsed time > 5s
user system elapsed
gcaPred 8.007 0.000 11.195
ecaPred 3.974 0.005 5.593
Flavor: r-devel-linux-x86_64-debian-clang