Last updated on 2025-05-02 08:49:32 CEST.
Flavor | Version | Tinstall | Tcheck | Ttotal | Status | Flags |
---|---|---|---|---|---|---|
r-devel-linux-x86_64-debian-clang | 0.3.0 | 9.79 | 91.47 | 101.26 | NOTE | |
r-devel-linux-x86_64-debian-gcc | 0.3.0 | 7.39 | 61.92 | 69.31 | OK | |
r-devel-linux-x86_64-fedora-clang | 0.3.0 | 167.29 | OK | |||
r-devel-linux-x86_64-fedora-gcc | 0.3.0 | 144.57 | OK | |||
r-devel-windows-x86_64 | 0.3.0 | 12.00 | 91.00 | 103.00 | OK | |
r-patched-linux-x86_64 | 0.3.0 | 9.97 | 85.55 | 95.52 | OK | |
r-release-linux-x86_64 | OK | |||||
r-release-macos-arm64 | 0.3.0 | 41.00 | OK | |||
r-release-macos-x86_64 | 0.3.0 | 83.00 | OK | |||
r-release-windows-x86_64 | 0.3.0 | 11.00 | 94.00 | 105.00 | OK | |
r-oldrel-macos-arm64 | 0.3.0 | 49.00 | OK | |||
r-oldrel-macos-x86_64 | 0.3.0 | 82.00 | OK | |||
r-oldrel-windows-x86_64 | 0.3.0 | 13.00 | 117.00 | 130.00 | OK |
Version: 0.3.0
Check: examples
Result: NOTE
Examples with CPU (user + system) or elapsed time > 5s
user system elapsed
mixedbiastest 7.22 0.164 9.549
Flavor: r-devel-linux-x86_64-debian-clang