Last updated on 2024-06-29 11:49:17 CEST.
Flavor | Version | Tinstall | Tcheck | Ttotal | Status | Flags |
---|---|---|---|---|---|---|
r-devel-linux-x86_64-debian-clang | 0.1.1 | 44.06 | 405.44 | 449.50 | OK | |
r-devel-linux-x86_64-debian-gcc | 0.1.1 | 32.35 | 285.79 | 318.14 | OK | |
r-devel-linux-x86_64-fedora-clang | 0.1.1 | 553.62 | OK | |||
r-devel-linux-x86_64-fedora-gcc | 0.1.1 | 526.48 | OK | |||
r-devel-windows-x86_64 | 0.1.1 | 34.00 | 228.00 | 262.00 | OK | |
r-patched-linux-x86_64 | 0.1.1 | 42.52 | 382.89 | 425.41 | OK | |
r-release-linux-x86_64 | 0.1.1 | 28.19 | 386.36 | 414.55 | OK | |
r-release-macos-arm64 | 0.1.1 | 112.00 | OK | |||
r-release-macos-x86_64 | 0.1.1 | 174.00 | OK | |||
r-release-windows-x86_64 | 0.1.1 | 35.00 | 229.00 | 264.00 | OK | |
r-oldrel-macos-arm64 | 0.1.1 | 10.00 | ERROR | |||
r-oldrel-macos-x86_64 | 0.1.1 | 10.00 | ERROR | |||
r-oldrel-windows-x86_64 | 0.1.1 | 48.00 | 336.00 | 384.00 | OK |
Version: 0.1.1
Check: package dependencies
Result: ERROR
Package required but not available: ‘InteractiveComplexHeatmap’
See section ‘The DESCRIPTION file’ in the ‘Writing R Extensions’
manual.
Flavors: r-oldrel-macos-arm64, r-oldrel-macos-x86_64