CRAN Package Check Results for Package microsimulation

Last updated on 2025-04-29 13:51:30 CEST.

Flavor Version Tinstall Tcheck Ttotal Status Flags
r-devel-linux-x86_64-debian-clang 1.4.4 92.16 63.18 155.34 OK
r-devel-linux-x86_64-debian-gcc 1.4.4 61.56 47.66 109.22 OK
r-devel-linux-x86_64-fedora-clang 1.4.4 294.58 OK
r-devel-linux-x86_64-fedora-gcc 1.4.4 284.04 OK
r-devel-windows-x86_64 1.4.4 108.00 104.00 212.00 OK
r-patched-linux-x86_64 1.4.4 89.02 60.81 149.83 OK
r-release-linux-x86_64 1.4.4 88.55 62.08 150.63 OK
r-release-macos-arm64 1.4.4 67.00 OK
r-release-macos-x86_64 1.4.4 104.00 OK
r-release-windows-x86_64 1.4.4 107.00 95.00 202.00 OK
r-oldrel-macos-arm64 1.4.4 70.00 NOTE
r-oldrel-macos-x86_64 1.4.4 121.00 NOTE
r-oldrel-windows-x86_64 1.4.4 122.00 115.00 237.00 NOTE

Check Details

Version: 1.4.4
Check: installed package size
Result: NOTE installed size is 20.5Mb sub-directories of 1Mb or more: doc 6.1Mb lib 9.1Mb libs 4.6Mb Flavors: r-oldrel-macos-arm64, r-oldrel-macos-x86_64, r-oldrel-windows-x86_64