Last updated on 2025-04-30 19:50:07 CEST.
Flavor | Version | Tinstall | Tcheck | Ttotal | Status | Flags |
---|---|---|---|---|---|---|
r-devel-linux-x86_64-debian-clang | 0.8.5 | 80.30 | 74.87 | 155.17 | OK | |
r-devel-linux-x86_64-debian-gcc | 0.8.5 | 59.87 | 51.74 | 111.61 | OK | |
r-devel-linux-x86_64-fedora-clang | 0.8.5 | 273.51 | OK | |||
r-devel-linux-x86_64-fedora-gcc | 0.8.5 | 296.98 | OK | |||
r-devel-windows-x86_64 | 0.8.5 | 89.00 | 112.00 | 201.00 | OK | |
r-patched-linux-x86_64 | 0.8.5 | 83.93 | 66.86 | 150.79 | OK | |
r-release-linux-x86_64 | 0.8.5 | 81.32 | 68.22 | 149.54 | OK | |
r-release-macos-arm64 | 0.8.5 | 78.00 | OK | |||
r-release-macos-x86_64 | 0.8.5 | 119.00 | OK | |||
r-release-windows-x86_64 | 0.8.5 | 92.00 | 108.00 | 200.00 | OK | |
r-oldrel-macos-arm64 | 0.8.5 | 80.00 | NOTE | |||
r-oldrel-macos-x86_64 | 0.8.5 | 175.00 | NOTE | |||
r-oldrel-windows-x86_64 | 0.8.5 | 100.00 | 131.00 | 231.00 | OK |
Version: 0.8.5
Check: installed package size
Result: NOTE
installed size is 9.5Mb
sub-directories of 1Mb or more:
libs 8.5Mb
Flavors: r-oldrel-macos-arm64, r-oldrel-macos-x86_64