Last updated on 2025-05-10 10:49:24 CEST.
Flavor | Version | Tinstall | Tcheck | Ttotal | Status | Flags |
---|---|---|---|---|---|---|
r-devel-linux-x86_64-debian-clang | 1.1.2 | 2.91 | 31.51 | 34.42 | NOTE | |
r-devel-linux-x86_64-debian-gcc | 1.1.2 | 1.93 | 25.41 | 27.34 | NOTE | |
r-devel-linux-x86_64-fedora-clang | 1.1.2 | 54.55 | OK | |||
r-devel-linux-x86_64-fedora-gcc | 1.1.2 | 70.73 | OK | |||
r-devel-windows-x86_64 | 1.1.2 | 5.00 | 58.00 | 63.00 | OK | |
r-patched-linux-x86_64 | 1.1.2 | 2.44 | 30.63 | 33.07 | OK | |
r-release-linux-x86_64 | 1.1.2 | 3.02 | 30.45 | 33.47 | OK | |
r-release-macos-arm64 | 1.1.2 | 30.00 | OK | |||
r-release-macos-x86_64 | 1.1.2 | 52.00 | OK | |||
r-release-windows-x86_64 | 1.1.2 | 5.00 | 58.00 | 63.00 | OK | |
r-oldrel-macos-arm64 | 1.1.2 | 27.00 | OK | |||
r-oldrel-macos-x86_64 | 1.1.2 | 41.00 | OK | |||
r-oldrel-windows-x86_64 | 1.1.2 | 6.00 | 63.00 | 69.00 | OK |
Version: 1.1.2
Check: CRAN incoming feasibility
Result: NOTE
Maintainer: ‘Yannick Marcon <yannick.marcon@obiba.org>’
The BugReports field in DESCRIPTION has
https://github.com/obiba/micar
which should likely be
https://github.com/obiba/micar/issues
instead.
Flavors: r-devel-linux-x86_64-debian-clang, r-devel-linux-x86_64-debian-gcc