Last updated on 2025-10-09 00:49:10 CEST.
Flavor | Version | Tinstall | Tcheck | Ttotal | Status | Flags |
---|---|---|---|---|---|---|
r-devel-linux-x86_64-debian-clang | 0.6-18 | 6.63 | 71.93 | 78.56 | NOTE | |
r-devel-linux-x86_64-debian-gcc | 0.6-20 | 4.40 | 49.33 | 53.73 | OK | |
r-devel-linux-x86_64-fedora-clang | 0.6-20 | 116.65 | OK | |||
r-devel-linux-x86_64-fedora-gcc | 0.6-20 | 121.89 | OK | |||
r-devel-windows-x86_64 | 0.6-20 | 7.00 | 84.00 | 91.00 | OK | |
r-patched-linux-x86_64 | 0.6-20 | 6.99 | 66.33 | 73.32 | OK | |
r-release-linux-x86_64 | 0.6-18 | 4.50 | 66.50 | 71.00 | NOTE | |
r-release-macos-arm64 | 0.6-20 | 35.00 | OK | |||
r-release-macos-x86_64 | 0.6-20 | 78.00 | OK | |||
r-release-windows-x86_64 | 0.6-18 | 8.00 | 86.00 | 94.00 | NOTE | |
r-oldrel-macos-arm64 | 0.6-20 | 42.00 | OK | |||
r-oldrel-macos-x86_64 | 0.6-20 | 68.00 | OK | |||
r-oldrel-windows-x86_64 | 0.6-20 | 12.00 | 102.00 | 114.00 | OK |
Version: 0.6-18
Check: CRAN incoming feasibility
Result: NOTE
Maintainer: ‘Arne Henningsen <arne.henningsen@gmail.com>’
No Authors@R field in DESCRIPTION.
Please add one, modifying
Authors@R: person(given = "Arne",
family = "Henningsen",
role = c("aut", "cre"),
email = "arne.henningsen@gmail.com")
as necessary.
Flavor: r-devel-linux-x86_64-debian-clang
Version: 0.6-18
Check: Rd cross-references
Result: NOTE
Found the following Rd file(s) with Rd \link{} targets missing package
anchors:
translogCheckCurvature.Rd: semidefiniteness, quasiconvexity,
quasiconcavity
Please provide package anchors for all Rd \link{} targets not in the
package itself and the base packages.
Flavors: r-devel-linux-x86_64-debian-clang, r-release-linux-x86_64, r-release-windows-x86_64