Last updated on 2024-06-29 11:49:17 CEST.
Flavor | Version | Tinstall | Tcheck | Ttotal | Status | Flags |
---|---|---|---|---|---|---|
r-devel-linux-x86_64-debian-clang | 1.9-1 | 104.36 | 510.01 | 614.37 | OK | |
r-devel-linux-x86_64-debian-gcc | 1.9-1 | 83.48 | 366.76 | 450.24 | OK | |
r-devel-linux-x86_64-fedora-clang | 1.9-1 | 749.58 | OK | |||
r-devel-linux-x86_64-fedora-gcc | 1.9-1 | 741.05 | OK | |||
r-devel-windows-x86_64 | 1.9-1 | 93.00 | 374.00 | 467.00 | OK | |
r-patched-linux-x86_64 | 1.9-1 | 110.49 | 502.99 | 613.48 | OK | |
r-release-linux-x86_64 | 1.9-1 | 102.89 | 502.64 | 605.53 | OK | |
r-release-macos-arm64 | 1.9-1 | 193.00 | OK | |||
r-release-macos-x86_64 | 1.9-1 | 303.00 | NOTE | |||
r-release-windows-x86_64 | 1.9-1 | 94.00 | 377.00 | 471.00 | OK | |
r-oldrel-macos-arm64 | 1.9-1 | 194.00 | OK | |||
r-oldrel-macos-x86_64 | 1.9-1 | 424.00 | NOTE | |||
r-oldrel-windows-x86_64 | 1.9-1 | 119.00 | 470.00 | 589.00 | OK |
Version: 1.9-1
Check: installed package size
Result: NOTE
installed size is 5.3Mb
sub-directories of 1Mb or more:
R 2.0Mb
libs 2.1Mb
Flavors: r-release-macos-x86_64, r-oldrel-macos-x86_64