Last updated on 2024-06-29 11:49:17 CEST.
Flavor | Version | Tinstall | Tcheck | Ttotal | Status | Flags |
---|---|---|---|---|---|---|
r-devel-linux-x86_64-debian-clang | 2.0.2 | 34.54 | 537.59 | 572.13 | NOTE | |
r-devel-linux-x86_64-debian-gcc | 2.0.2 | 24.03 | 369.40 | 393.43 | NOTE | |
r-devel-linux-x86_64-fedora-clang | 2.0.2 | 679.50 | NOTE | |||
r-devel-linux-x86_64-fedora-gcc | 2.0.2 | 659.66 | NOTE | |||
r-devel-windows-x86_64 | 2.0.2 | 28.00 | 362.00 | 390.00 | NOTE | |
r-patched-linux-x86_64 | 2.0.2 | 32.37 | 503.53 | 535.90 | NOTE | |
r-release-linux-x86_64 | 2.0.2 | 24.17 | 511.42 | 535.59 | NOTE | |
r-release-macos-arm64 | 2.0.2 | 144.00 | NOTE | |||
r-release-macos-x86_64 | 2.0.2 | 249.00 | NOTE | |||
r-release-windows-x86_64 | 2.0.2 | 27.00 | 346.00 | 373.00 | NOTE | |
r-oldrel-macos-arm64 | 2.0.2 | 176.00 | NOTE | |||
r-oldrel-macos-x86_64 | 2.0.2 | 291.00 | NOTE | |||
r-oldrel-windows-x86_64 | 2.0.2 | 37.00 | 421.00 | 458.00 | NOTE |
Version: 2.0.2
Check: LazyData
Result: NOTE
'LazyData' is specified without a 'data' directory
Flavors: r-devel-linux-x86_64-debian-clang, r-devel-linux-x86_64-debian-gcc, r-devel-linux-x86_64-fedora-clang, r-devel-linux-x86_64-fedora-gcc, r-devel-windows-x86_64, r-patched-linux-x86_64, r-release-linux-x86_64, r-release-macos-arm64, r-release-macos-x86_64, r-release-windows-x86_64, r-oldrel-macos-arm64, r-oldrel-macos-x86_64, r-oldrel-windows-x86_64
Version: 2.0.2
Check: dependencies in R code
Result: NOTE
Namespaces in Imports field not imported from:
‘boot’ ‘energy’
All declared Imports should be used.
Flavors: r-devel-linux-x86_64-fedora-clang, r-devel-linux-x86_64-fedora-gcc