Last updated on 2024-06-29 11:49:17 CEST.
Flavor | Version | Tinstall | Tcheck | Ttotal | Status | Flags |
---|---|---|---|---|---|---|
r-devel-linux-x86_64-debian-clang | 0.2.1 | 52.48 | 190.77 | 243.25 | NOTE | |
r-devel-linux-x86_64-debian-gcc | 0.2.1 | 34.16 | 154.03 | 188.19 | NOTE | |
r-devel-linux-x86_64-fedora-clang | 0.2.1 | 335.83 | NOTE | |||
r-devel-linux-x86_64-fedora-gcc | 0.2.1 | 359.51 | NOTE | |||
r-devel-windows-x86_64 | 0.2.1 | 43.00 | 211.00 | 254.00 | NOTE | |
r-patched-linux-x86_64 | 0.2.1 | 35.66 | 189.51 | 225.17 | NOTE | |
r-release-linux-x86_64 | 0.2.1 | 46.04 | 189.57 | 235.61 | NOTE | |
r-release-macos-arm64 | 0.2.1 | 88.00 | NOTE | |||
r-release-macos-x86_64 | 0.2.1 | 130.00 | NOTE | |||
r-release-windows-x86_64 | 0.2.1 | 42.00 | 208.00 | 250.00 | NOTE | |
r-oldrel-macos-arm64 | 0.2.1 | 100.00 | NOTE | |||
r-oldrel-macos-x86_64 | 0.2.1 | 181.00 | NOTE | |||
r-oldrel-windows-x86_64 | 0.2.1 | 53.00 | 252.00 | 305.00 | NOTE |
Version: 0.2.1
Check: package subdirectories
Result: NOTE
Problems with news in ‘NEWS.md’:
No news entries found.
Flavors: r-devel-linux-x86_64-debian-clang, r-devel-linux-x86_64-debian-gcc, r-devel-linux-x86_64-fedora-clang, r-devel-linux-x86_64-fedora-gcc, r-devel-windows-x86_64, r-patched-linux-x86_64, r-release-linux-x86_64, r-release-macos-arm64, r-release-macos-x86_64, r-release-windows-x86_64, r-oldrel-macos-arm64, r-oldrel-macos-x86_64, r-oldrel-windows-x86_64