Last updated on 2024-06-29 11:49:17 CEST.
Flavor | Version | Tinstall | Tcheck | Ttotal | Status | Flags |
---|---|---|---|---|---|---|
r-devel-linux-x86_64-debian-clang | 0.1.1 | 56.60 | 256.82 | 313.42 | NOTE | |
r-devel-linux-x86_64-debian-gcc | 0.1.1 | 38.36 | 166.99 | 205.35 | NOTE | |
r-devel-linux-x86_64-fedora-clang | 0.1.1 | 380.34 | NOTE | |||
r-devel-linux-x86_64-fedora-gcc | 0.1.1 | 446.00 | NOTE | |||
r-devel-windows-x86_64 | 0.1.1 | 45.00 | 188.00 | 233.00 | NOTE | |
r-patched-linux-x86_64 | 0.1.1 | 52.07 | 296.57 | 348.64 | NOTE | |
r-release-linux-x86_64 | 0.1.1 | 50.75 | 256.52 | 307.27 | NOTE | |
r-release-macos-arm64 | 0.1.1 | 98.00 | NOTE | |||
r-release-macos-x86_64 | 0.1.1 | 146.00 | NOTE | |||
r-release-windows-x86_64 | 0.1.1 | 45.00 | 211.00 | 256.00 | NOTE | |
r-oldrel-macos-arm64 | 0.1.1 | 107.00 | NOTE | |||
r-oldrel-macos-x86_64 | 0.1.1 | 167.00 | NOTE | |||
r-oldrel-windows-x86_64 | 0.1.1 | 55.00 | 243.00 | 298.00 | NOTE |
Version: 0.1.1
Check: C++ specification
Result: NOTE
Specified C++11: please drop specification unless essential
Flavors: r-devel-linux-x86_64-debian-clang, r-devel-linux-x86_64-debian-gcc, r-devel-linux-x86_64-fedora-clang, r-devel-linux-x86_64-fedora-gcc, r-devel-windows-x86_64, r-patched-linux-x86_64, r-release-linux-x86_64, r-release-macos-arm64, r-release-macos-x86_64, r-release-windows-x86_64, r-oldrel-macos-arm64, r-oldrel-macos-x86_64, r-oldrel-windows-x86_64
Version: 0.1.1
Check: installed package size
Result: NOTE
installed size is 5.8Mb
sub-directories of 1Mb or more:
doc 2.3Mb
help 2.0Mb
libs 1.2Mb
Flavors: r-devel-windows-x86_64, r-release-macos-arm64, r-release-macos-x86_64, r-release-windows-x86_64, r-oldrel-macos-arm64, r-oldrel-macos-x86_64, r-oldrel-windows-x86_64