Last updated on 2024-07-02 19:48:15 CEST.
Flavor | Version | Tinstall | Tcheck | Ttotal | Status | Flags |
---|---|---|---|---|---|---|
r-devel-linux-x86_64-debian-clang | 0.3 | 526.41 | 81.93 | 608.34 | OK | |
r-devel-linux-x86_64-debian-gcc | 0.3 | 359.67 | 64.96 | 424.63 | OK | |
r-devel-linux-x86_64-fedora-clang | 0.3 | 826.80 | OK | |||
r-devel-linux-x86_64-fedora-gcc | 0.3 | 962.42 | OK | |||
r-devel-windows-x86_64 | 0.3 | 383.00 | 115.00 | 498.00 | OK | |
r-patched-linux-x86_64 | 0.3 | 412.76 | 82.17 | 494.93 | OK | |
r-release-linux-x86_64 | 0.3 | 426.57 | 83.36 | 509.93 | OK | |
r-release-macos-arm64 | 0.3 | 138.00 | NOTE | |||
r-release-macos-x86_64 | 0.3 | 121.00 | NOTE | |||
r-release-windows-x86_64 | 0.3 | 383.00 | 113.00 | 496.00 | OK | |
r-oldrel-macos-arm64 | 0.3 | 186.00 | NOTE | |||
r-oldrel-macos-x86_64 | 0.3 | 190.00 | NOTE | |||
r-oldrel-windows-x86_64 | 0.3 | 478.00 | 132.00 | 610.00 | OK |
Version: 0.3
Check: installed package size
Result: NOTE
installed size is 20.4Mb
sub-directories of 1Mb or more:
libs 20.0Mb
Flavors: r-release-macos-arm64, r-release-macos-x86_64, r-oldrel-macos-arm64, r-oldrel-macos-x86_64