Last updated on 2024-06-29 11:49:17 CEST.
Flavor | Version | Tinstall | Tcheck | Ttotal | Status | Flags |
---|---|---|---|---|---|---|
r-devel-linux-x86_64-debian-clang | 0.3.7 | 50.47 | 220.71 | 271.18 | OK | |
r-devel-linux-x86_64-debian-gcc | 0.3.7 | 37.39 | 155.22 | 192.61 | OK | |
r-devel-linux-x86_64-fedora-clang | 0.3.7 | 335.18 | NOTE | |||
r-devel-linux-x86_64-fedora-gcc | 0.3.7 | 334.20 | NOTE | |||
r-devel-windows-x86_64 | 0.3.7 | 45.00 | 210.00 | 255.00 | OK | |
r-patched-linux-x86_64 | 0.3.7 | 54.00 | 205.98 | 259.98 | OK | |
r-release-linux-x86_64 | 0.3.7 | 35.42 | 207.24 | 242.66 | OK | |
r-release-macos-arm64 | 0.3.7 | 91.00 | OK | |||
r-release-macos-x86_64 | 0.3.7 | 127.00 | OK | |||
r-release-windows-x86_64 | 0.3.7 | 42.00 | 213.00 | 255.00 | OK | |
r-oldrel-macos-arm64 | 0.3.7 | 103.00 | NOTE | |||
r-oldrel-macos-x86_64 | 0.3.7 | 182.00 | NOTE | |||
r-oldrel-windows-x86_64 | 0.3.7 | 54.00 | 272.00 | 326.00 | OK |
Version: 0.3.7
Check: dependencies in R code
Result: NOTE
Namespace in Imports field not imported from: ‘R6’
All declared Imports should be used.
Flavors: r-devel-linux-x86_64-fedora-clang, r-devel-linux-x86_64-fedora-gcc
Version: 0.3.7
Check: package dependencies
Result: NOTE
Packages suggested but not available for checking: 'phyloseq', 'biomformat'
Flavors: r-oldrel-macos-arm64, r-oldrel-macos-x86_64