Last updated on 2024-06-29 11:49:17 CEST.
Flavor | Version | Tinstall | Tcheck | Ttotal | Status | Flags |
---|---|---|---|---|---|---|
r-devel-linux-x86_64-debian-clang | 0.2.3 | 426.96 | 158.70 | 585.66 | NOTE | |
r-devel-linux-x86_64-debian-gcc | 0.2.3 | 301.82 | 173.93 | 475.75 | NOTE | |
r-devel-linux-x86_64-fedora-clang | 0.2.3 | 886.48 | NOTE | |||
r-devel-linux-x86_64-fedora-gcc | 0.2.3 | 1018.35 | NOTE | |||
r-devel-windows-x86_64 | 0.2.3 | 336.00 | 149.00 | 485.00 | NOTE | |
r-patched-linux-x86_64 | 0.2.3 | 369.59 | 247.28 | 616.87 | NOTE | |
r-release-linux-x86_64 | 0.2.3 | 388.45 | 218.94 | 607.39 | NOTE | |
r-release-macos-arm64 | 0.2.3 | 150.00 | NOTE | |||
r-release-macos-x86_64 | 0.2.3 | 167.00 | NOTE | |||
r-release-windows-x86_64 | 0.2.3 | 332.00 | 148.00 | 480.00 | NOTE | |
r-oldrel-macos-arm64 | 0.2.3 | 215.00 | NOTE | |||
r-oldrel-macos-x86_64 | 0.2.3 | 308.00 | NOTE | |||
r-oldrel-windows-x86_64 | 0.2.3 | 407.00 | 177.00 | 584.00 | NOTE |
Version: 0.2.3
Check: C++ specification
Result: NOTE
Specified C++11: please drop specification unless essential
Flavors: r-devel-linux-x86_64-debian-clang, r-devel-linux-x86_64-debian-gcc, r-devel-linux-x86_64-fedora-clang, r-devel-linux-x86_64-fedora-gcc, r-devel-windows-x86_64, r-patched-linux-x86_64, r-release-linux-x86_64, r-release-macos-arm64, r-release-macos-x86_64, r-release-windows-x86_64, r-oldrel-macos-arm64, r-oldrel-macos-x86_64, r-oldrel-windows-x86_64
Version: 0.2.3
Check: installed package size
Result: NOTE
installed size is 20.2Mb
sub-directories of 1Mb or more:
libs 19.1Mb
Flavors: r-release-macos-arm64, r-release-macos-x86_64, r-oldrel-macos-arm64, r-oldrel-macos-x86_64