Last updated on 2025-11-19 14:55:03 CET.
| Flavor | Version | Tinstall | Tcheck | Ttotal | Status | Flags |
|---|---|---|---|---|---|---|
| r-devel-linux-x86_64-debian-clang | 0.1.3 | 18.85 | 24.52 | 43.37 | OK | |
| r-devel-linux-x86_64-debian-gcc | 0.1.3 | 14.29 | 20.12 | 34.41 | OK | |
| r-devel-linux-x86_64-fedora-clang | 0.1.3 | 47.00 | 28.98 | 75.98 | OK | |
| r-devel-linux-x86_64-fedora-gcc | 0.1.3 | 40.00 | 31.82 | 71.82 | OK | |
| r-devel-windows-x86_64 | 0.1.3 | 30.00 | 56.00 | 86.00 | OK | |
| r-patched-linux-x86_64 | 0.1.3 | 20.29 | 22.68 | 42.97 | OK | |
| r-release-linux-x86_64 | 0.1.3 | 20.38 | 22.23 | 42.61 | OK | |
| r-release-macos-arm64 | 0.1.3 | OK | ||||
| r-release-macos-x86_64 | 0.1.3 | 10.00 | 23.00 | 33.00 | OK | |
| r-release-windows-x86_64 | 0.1.3 | 24.00 | 58.00 | 82.00 | OK | |
| r-oldrel-macos-arm64 | 0.1.3 | NOTE | ||||
| r-oldrel-macos-x86_64 | 0.1.3 | 9.00 | 20.00 | 29.00 | NOTE | |
| r-oldrel-windows-x86_64 | 0.1.3 | 24.00 | 69.00 | 93.00 | NOTE |
Version: 0.1.3
Check: LazyData
Result: NOTE
'LazyData' is specified without a 'data' directory
Flavors: r-oldrel-macos-arm64, r-oldrel-macos-x86_64, r-oldrel-windows-x86_64