CRAN Package Check Results for Package mergeTrees

Last updated on 2025-04-29 13:51:30 CEST.

Flavor Version Tinstall Tcheck Ttotal Status Flags
r-devel-linux-x86_64-debian-clang 0.1.3 18.54 22.97 41.51 OK
r-devel-linux-x86_64-debian-gcc 0.1.3 15.41 18.83 34.24 OK
r-devel-linux-x86_64-fedora-clang 0.1.3 75.77 OK
r-devel-linux-x86_64-fedora-gcc 0.1.3 76.94 OK
r-devel-windows-x86_64 0.1.3 23.00 62.00 85.00 OK
r-patched-linux-x86_64 0.1.3 20.99 20.87 41.86 OK
r-release-linux-x86_64 0.1.3 19.83 21.05 40.88 OK
r-release-macos-arm64 0.1.3 33.00 OK
r-release-macos-x86_64 0.1.3 33.00 OK
r-release-windows-x86_64 0.1.3 24.00 62.00 86.00 OK
r-oldrel-macos-arm64 0.1.3 23.00 NOTE
r-oldrel-macos-x86_64 0.1.3 29.00 NOTE
r-oldrel-windows-x86_64 0.1.3 23.00 75.00 98.00 NOTE

Check Details

Version: 0.1.3
Check: LazyData
Result: NOTE 'LazyData' is specified without a 'data' directory Flavors: r-oldrel-macos-arm64, r-oldrel-macos-x86_64, r-oldrel-windows-x86_64