Last updated on 2025-10-31 14:49:46 CET.
| Flavor | Version | Tinstall | Tcheck | Ttotal | Status | Flags | 
|---|---|---|---|---|---|---|
| r-devel-linux-x86_64-debian-clang | 0.1.0 | 4.10 | 33.31 | 37.41 | NOTE | |
| r-devel-linux-x86_64-debian-gcc | 0.1.0 | 2.54 | 24.67 | 27.21 | NOTE | |
| r-devel-linux-x86_64-fedora-clang | 0.1.0 | 55.46 | OK | |||
| r-devel-linux-x86_64-fedora-gcc | 0.1.0 | 52.81 | OK | |||
| r-devel-windows-x86_64 | 0.1.0 | 6.00 | 50.00 | 56.00 | OK | |
| r-patched-linux-x86_64 | 0.1.0 | 3.38 | 31.33 | 34.71 | OK | |
| r-release-linux-x86_64 | 0.1.0 | 2.44 | 31.03 | 33.47 | OK | |
| r-release-macos-arm64 | 0.1.0 | 3.00 | 27.00 | 30.00 | OK | |
| r-release-macos-x86_64 | 0.1.0 | 3.00 | 29.00 | 32.00 | OK | |
| r-release-windows-x86_64 | 0.1.0 | 6.00 | 50.00 | 56.00 | OK | |
| r-oldrel-macos-arm64 | 0.1.0 | 2.00 | 18.00 | 20.00 | NOTE | |
| r-oldrel-macos-x86_64 | 0.1.0 | 3.00 | 26.00 | 29.00 | NOTE | |
| r-oldrel-windows-x86_64 | 0.1.0 | 7.00 | 58.00 | 65.00 | NOTE | 
Version: 0.1.0
Check: CRAN incoming feasibility
Result: NOTE
  Maintainer: ‘Zac Davies <zaclavis@gmail.com>’
  
  No Authors@R field in DESCRIPTION.
  Please add one, modifying
    Authors@R: person(given = "Zac",
                      family = "Davies",
                      role = c("aut", "cre"),
                      email = "zaclavis@gmail.com")
  as necessary.
  
  Found the following (possibly) invalid URLs:
    URL: https:www.meetup.com/meetup_api/
      From: DESCRIPTION
      Message: Invalid URL: missing authority part
Flavors: r-devel-linux-x86_64-debian-clang, r-devel-linux-x86_64-debian-gcc
Version: 0.1.0
Check: LazyData
Result: NOTE
    'LazyData' is specified without a 'data' directory
Flavors: r-oldrel-macos-arm64, r-oldrel-macos-x86_64, r-oldrel-windows-x86_64