Last updated on 2025-04-29 13:51:30 CEST.
Flavor | Version | Tinstall | Tcheck | Ttotal | Status | Flags |
---|---|---|---|---|---|---|
r-devel-linux-x86_64-debian-clang | 1.0-1 | 5.70 | 75.75 | 81.45 | NOTE | |
r-devel-linux-x86_64-debian-gcc | 1.0-1 | 4.35 | 53.84 | 58.19 | NOTE | |
r-devel-linux-x86_64-fedora-clang | 1.0-1 | 119.62 | OK | |||
r-devel-linux-x86_64-fedora-gcc | 1.0-1 | 128.88 | OK | |||
r-devel-windows-x86_64 | 1.0-1 | 7.00 | 88.00 | 95.00 | OK | |
r-patched-linux-x86_64 | 1.0-1 | 5.97 | 73.39 | 79.36 | OK | |
r-release-linux-x86_64 | 1.0-1 | 5.00 | 71.91 | 76.91 | OK | |
r-release-macos-arm64 | 1.0-1 | 88.00 | OK | |||
r-release-macos-x86_64 | 1.0-1 | 76.00 | OK | |||
r-release-windows-x86_64 | 1.0-1 | 8.00 | 88.00 | 96.00 | OK | |
r-oldrel-macos-arm64 | 1.0-1 | 41.00 | OK | |||
r-oldrel-macos-x86_64 | 1.0-1 | 62.00 | OK | |||
r-oldrel-windows-x86_64 | 1.0-1 | 9.00 | 108.00 | 117.00 | OK |
Version: 1.0-1
Check: CRAN incoming feasibility
Result: NOTE
Maintainer: ‘Daniel Gerhard <00gerhard@gmail.com>’
Package CITATION file contains call(s) to old-style citEntry(). Please
use bibentry() instead.
Flavors: r-devel-linux-x86_64-debian-clang, r-devel-linux-x86_64-debian-gcc
Version: 1.0-1
Check: examples
Result: NOTE
Examples with CPU (user + system) or elapsed time > 5s
user system elapsed
hoa 4.66 0.166 5.987
Flavor: r-devel-linux-x86_64-debian-clang