Last updated on 2024-06-29 11:49:16 CEST.
Flavor | Version | Tinstall | Tcheck | Ttotal | Status | Flags |
---|---|---|---|---|---|---|
r-devel-linux-x86_64-debian-clang | 1.1.1 | 9.85 | 137.59 | 147.44 | OK | |
r-devel-linux-x86_64-debian-gcc | 1.1.1 | 9.21 | 101.07 | 110.28 | OK | |
r-devel-linux-x86_64-fedora-clang | 1.1.1 | 183.61 | NOTE | |||
r-devel-linux-x86_64-fedora-gcc | 1.1.1 | 282.38 | NOTE | |||
r-devel-windows-x86_64 | 1.1.1 | 12.00 | 118.00 | 130.00 | OK | |
r-patched-linux-x86_64 | 1.1.1 | 6.72 | 131.76 | 138.48 | OK | |
r-release-linux-x86_64 | 1.1.1 | 6.99 | 131.12 | 138.11 | OK | |
r-release-macos-arm64 | 1.1.1 | 99.00 | OK | |||
r-release-macos-x86_64 | 1.1.1 | 194.00 | OK | |||
r-release-windows-x86_64 | 1.1.1 | 12.00 | 117.00 | 129.00 | OK | |
r-oldrel-macos-arm64 | 1.1.1 | 102.00 | OK | |||
r-oldrel-macos-x86_64 | 1.1.1 | 318.00 | OK | |||
r-oldrel-windows-x86_64 | 1.1.1 | 14.00 | 140.00 | 154.00 | OK |
Version: 1.1.1
Check: data for non-ASCII characters
Result: NOTE
Note: found 496 marked UTF-8 strings
Flavors: r-devel-linux-x86_64-fedora-clang, r-devel-linux-x86_64-fedora-gcc