CRAN Package Check Results for Package maxnet

Last updated on 2025-04-29 19:50:37 CEST.

Flavor Version Tinstall Tcheck Ttotal Status Flags
r-devel-linux-x86_64-debian-clang 0.1.4 1.88 27.07 28.95 NOTE
r-devel-linux-x86_64-debian-gcc 0.1.4 1.55 20.77 22.32 NOTE
r-devel-linux-x86_64-fedora-clang 0.1.4 45.16 OK
r-devel-linux-x86_64-fedora-gcc 0.1.4 43.75 OK
r-devel-windows-x86_64 0.1.4 3.00 48.00 51.00 OK
r-patched-linux-x86_64 0.1.4 1.88 25.70 27.58 OK
r-release-linux-x86_64 0.1.4 1.98 26.19 28.17 OK
r-release-macos-arm64 0.1.4 21.00 OK
r-release-macos-x86_64 0.1.4 33.00 OK
r-release-windows-x86_64 0.1.4 3.00 51.00 54.00 OK
r-oldrel-macos-arm64 0.1.4 20.00 OK
r-oldrel-macos-x86_64 0.1.4 27.00 OK
r-oldrel-windows-x86_64 0.1.4 3.00 50.00 53.00 OK

Check Details

Version: 0.1.4
Check: CRAN incoming feasibility
Result: NOTE Maintainer: ‘Steven Phillips <mrmaxent@gmail.com>’ No Authors@R field in DESCRIPTION. Please add one, modifying Authors@R: person(given = "Steven", family = "Phillips", role = c("aut", "cre"), email = "mrmaxent@gmail.com") as necessary. Flavors: r-devel-linux-x86_64-debian-clang, r-devel-linux-x86_64-debian-gcc

Version: 0.1.4
Check: examples
Result: NOTE Examples with CPU (user + system) or elapsed time > 5s user system elapsed maxnet 5.582 0.129 7.439 Flavor: r-devel-linux-x86_64-debian-clang