Last updated on 2025-05-29 12:48:40 CEST.
Flavor | Version | Tinstall | Tcheck | Ttotal | Status | Flags |
---|---|---|---|---|---|---|
r-devel-linux-x86_64-debian-clang | 0.2.0 | 13.94 | 126.92 | 140.86 | OK | |
r-devel-linux-x86_64-debian-gcc | 0.2.0 | 11.37 | 93.67 | 105.04 | OK | |
r-devel-linux-x86_64-fedora-clang | 0.2.0 | 214.25 | NOTE | |||
r-devel-linux-x86_64-fedora-gcc | 0.2.0 | 213.53 | NOTE | |||
r-devel-windows-x86_64 | 0.2.0 | 16.00 | 130.00 | 146.00 | OK | |
r-patched-linux-x86_64 | 0.2.0 | 15.04 | 117.14 | 132.18 | OK | |
r-release-linux-x86_64 | 0.2.0 | 13.99 | 115.41 | 129.40 | OK | |
r-release-macos-arm64 | 0.2.0 | 62.00 | OK | |||
r-release-macos-x86_64 | 0.2.0 | 120.00 | OK | |||
r-release-windows-x86_64 | 0.2.0 | 17.00 | 138.00 | 155.00 | OK | |
r-oldrel-macos-arm64 | 0.2.0 | 68.00 | OK | |||
r-oldrel-macos-x86_64 | 0.2.0 | 112.00 | OK | |||
r-oldrel-windows-x86_64 | 0.2.0 | 22.00 | 160.00 | 182.00 | OK |
Version: 0.2.0
Check: dependencies in R code
Result: NOTE
Namespace in Imports field not imported from: ‘formatR’
All declared Imports should be used.
Flavors: r-devel-linux-x86_64-fedora-clang, r-devel-linux-x86_64-fedora-gcc