CRAN Package Check Results for Package matpow

Last updated on 2025-05-25 17:51:57 CEST.

Flavor Version Tinstall Tcheck Ttotal Status Flags
r-devel-linux-x86_64-debian-clang 0.1.2 1.69 17.94 19.63 NOTE
r-devel-linux-x86_64-debian-gcc 0.1.2 1.35 14.82 16.17 NOTE
r-devel-linux-x86_64-fedora-clang 0.1.2 30.48 OK
r-devel-linux-x86_64-fedora-gcc 0.1.2 28.30 OK
r-devel-windows-x86_64 0.1.2 2.00 80.00 82.00 OK
r-patched-linux-x86_64 0.1.2 1.75 17.02 18.77 OK
r-release-linux-x86_64 0.1.2 1.85 16.86 18.71 OK
r-release-macos-arm64 0.1.2 17.00 OK
r-release-macos-x86_64 0.1.2 23.00 OK
r-release-windows-x86_64 0.1.2 3.00 40.00 43.00 OK
r-oldrel-macos-arm64 0.1.2 14.00 OK
r-oldrel-macos-x86_64 0.1.2 20.00 OK
r-oldrel-windows-x86_64 0.1.2 3.00 43.00 46.00 OK

Check Details

Version: 0.1.2
Check: CRAN incoming feasibility
Result: NOTE Maintainer: ‘Norm Matloff <normmatloff@gmail.com>’ No Authors@R field in DESCRIPTION. Please add one, modifying Authors@R: c(person(given = "Norm", family = "Matloff", role = c("aut", "cre"), email = "normmatloff@gmail.com"), person(given = "Jack", family = "Norman", role = "aut")) as necessary. Flavors: r-devel-linux-x86_64-debian-clang, r-devel-linux-x86_64-debian-gcc