Last updated on 2025-05-10 16:52:33 CEST.
Flavor | Version | Tinstall | Tcheck | Ttotal | Status | Flags |
---|---|---|---|---|---|---|
r-devel-linux-x86_64-debian-clang | 0.1.3 | 11.17 | 135.14 | 146.31 | NOTE | |
r-devel-linux-x86_64-debian-gcc | 0.1.3 | 8.40 | 99.84 | 108.24 | NOTE | |
r-devel-linux-x86_64-fedora-clang | 0.1.3 | 226.13 | OK | |||
r-devel-linux-x86_64-fedora-gcc | 0.1.3 | 237.12 | OK | |||
r-devel-windows-x86_64 | 0.1.3 | 14.00 | 153.00 | 167.00 | OK | |
r-patched-linux-x86_64 | 0.1.3 | 12.40 | 127.65 | 140.05 | OK | |
r-release-linux-x86_64 | 0.1.3 | 11.95 | 126.64 | 138.59 | OK | |
r-release-macos-arm64 | 0.1.3 | 72.00 | OK | |||
r-release-macos-x86_64 | 0.1.3 | 125.00 | OK | |||
r-release-windows-x86_64 | 0.1.3 | 12.00 | 150.00 | 162.00 | OK | |
r-oldrel-macos-arm64 | 0.1.3 | 66.00 | OK | |||
r-oldrel-macos-x86_64 | 0.1.3 | 108.00 | OK | |||
r-oldrel-windows-x86_64 | 0.1.3 | 18.00 | 183.00 | 201.00 | OK |
Version: 0.1.3
Check: CRAN incoming feasibility
Result: NOTE
Maintainer: ‘Andrea Brancaccio <andrea.brancaccio@unipd.it>’
No Authors@R field in DESCRIPTION.
Please add one, modifying
Authors@R: c(person(given = "Andrea",
family = "Brancaccio",
role = c("aut", "ctb", "cph", "cre"),
email = "andrea.brancaccio@unipd.it"),
person(given = c("Ottavia", "M."),
family = "Epifania",
role = c("aut", "ctb", "com")),
person(given = "Debora",
family = "de Chiusole",
role = "ctb"))
as necessary.
Flavors: r-devel-linux-x86_64-debian-clang, r-devel-linux-x86_64-debian-gcc