Last updated on 2024-06-29 11:49:16 CEST.
Flavor | Version | Tinstall | Tcheck | Ttotal | Status | Flags |
---|---|---|---|---|---|---|
r-devel-linux-x86_64-debian-clang | 1.0.3 | 359.62 | 115.79 | 475.41 | OK | |
r-devel-linux-x86_64-debian-gcc | 1.0.3 | 232.21 | 86.70 | 318.91 | OK | |
r-devel-linux-x86_64-fedora-clang | 1.0.3 | 703.44 | OK | |||
r-devel-linux-x86_64-fedora-gcc | 1.0.3 | 731.33 | OK | |||
r-devel-windows-x86_64 | 1.0.3 | 275.00 | 156.00 | 431.00 | OK | |
r-patched-linux-x86_64 | 1.0.3 | 300.91 | 113.31 | 414.22 | OK | |
r-release-linux-x86_64 | 1.0.3 | 221.15 | 113.78 | 334.93 | OK | |
r-release-macos-arm64 | 1.0.3 | 121.00 | NOTE | |||
r-release-macos-x86_64 | 1.0.3 | 128.00 | NOTE | |||
r-release-windows-x86_64 | 1.0.3 | 277.00 | 139.00 | 416.00 | OK | |
r-oldrel-macos-arm64 | 1.0.3 | 136.00 | NOTE | |||
r-oldrel-macos-x86_64 | 1.0.3 | 189.00 | NOTE | |||
r-oldrel-windows-x86_64 | 1.0.3 | 334.00 | 169.00 | 503.00 | OK |
Version: 1.0.3
Check: installed package size
Result: NOTE
installed size is 10.5Mb
sub-directories of 1Mb or more:
libs 9.5Mb
Flavors: r-release-macos-arm64, r-release-macos-x86_64, r-oldrel-macos-arm64, r-oldrel-macos-x86_64