Last updated on 2024-06-15 19:55:03 CEST.
Flavor | Version | Tinstall | Tcheck | Ttotal | Status | Flags |
---|---|---|---|---|---|---|
r-devel-linux-x86_64-debian-clang | 1.0.0 | 2.01 | 25.12 | 27.13 | NOTE | |
r-devel-linux-x86_64-debian-gcc | 1.0.0 | 1.84 | 20.23 | 22.07 | NOTE | |
r-devel-linux-x86_64-fedora-clang | 1.0.0 | 36.28 | NOTE | |||
r-devel-linux-x86_64-fedora-gcc | 1.0.0 | 34.48 | NOTE | |||
r-devel-windows-x86_64 | 1.0.0 | 3.00 | 39.00 | 42.00 | NOTE | |
r-patched-linux-x86_64 | 1.0.0 | 2.69 | 24.83 | 27.52 | NOTE | |
r-release-linux-x86_64 | 1.0.0 | 2.29 | 21.45 | 23.74 | NOTE | |
r-release-macos-arm64 | 1.0.0 | 15.00 | NOTE | |||
r-release-macos-x86_64 | 1.0.0 | 22.00 | NOTE | |||
r-release-windows-x86_64 | 1.0.0 | 3.00 | 40.00 | 43.00 | NOTE | |
r-oldrel-macos-arm64 | 1.0.0 | 16.00 | NOTE | |||
r-oldrel-macos-x86_64 | 1.0.0 | 23.00 | NOTE | |||
r-oldrel-windows-x86_64 | 1.0.0 | 3.00 | 40.00 | 43.00 | NOTE |
Version: 1.0.0
Check: LazyData
Result: NOTE
'LazyData' is specified without a 'data' directory
Flavors: r-devel-linux-x86_64-debian-clang, r-devel-linux-x86_64-debian-gcc, r-devel-linux-x86_64-fedora-clang, r-devel-linux-x86_64-fedora-gcc, r-devel-windows-x86_64, r-patched-linux-x86_64, r-release-linux-x86_64, r-release-macos-arm64, r-release-macos-x86_64, r-release-windows-x86_64, r-oldrel-macos-arm64, r-oldrel-macos-x86_64, r-oldrel-windows-x86_64