Last updated on 2025-11-02 02:50:50 CET.
| Flavor | Version | Tinstall | Tcheck | Ttotal | Status | Flags |
|---|---|---|---|---|---|---|
| r-devel-linux-x86_64-debian-clang | 3.4.0 | 4.72 | 33.59 | 38.31 | OK | |
| r-devel-linux-x86_64-debian-gcc | 3.4.0 | 3.12 | 24.79 | 27.91 | OK | |
| r-devel-linux-x86_64-fedora-clang | 3.4.0 | 56.54 | NOTE | |||
| r-devel-linux-x86_64-fedora-gcc | 3.4.0 | 53.05 | NOTE | |||
| r-devel-windows-x86_64 | 3.4.0 | 6.00 | 67.00 | 73.00 | OK | |
| r-patched-linux-x86_64 | 3.4.0 | 4.81 | 31.43 | 36.24 | OK | |
| r-release-linux-x86_64 | 3.4.0 | 4.07 | 31.93 | 36.00 | OK | |
| r-release-macos-arm64 | 3.4.0 | 2.00 | 23.00 | 25.00 | OK | |
| r-release-macos-x86_64 | 3.4.0 | 4.00 | 32.00 | 36.00 | OK | |
| r-release-windows-x86_64 | 3.4.0 | 4.00 | 63.00 | 67.00 | OK | |
| r-oldrel-macos-arm64 | 3.4.0 | 2.00 | 16.00 | 18.00 | NOTE | |
| r-oldrel-macos-x86_64 | 3.4.0 | 3.00 | 24.00 | 27.00 | NOTE | |
| r-oldrel-windows-x86_64 | 3.4.0 | 8.00 | 62.00 | 70.00 | NOTE |
Version: 3.4.0
Check: dependencies in R code
Result: NOTE
Namespace in Imports field not imported from: ‘utils’
All declared Imports should be used.
Flavors: r-devel-linux-x86_64-fedora-clang, r-devel-linux-x86_64-fedora-gcc
Version: 3.4.0
Check: LazyData
Result: NOTE
'LazyData' is specified without a 'data' directory
Flavors: r-oldrel-macos-arm64, r-oldrel-macos-x86_64, r-oldrel-windows-x86_64