CRAN Package Check Results for Package mMPA

Last updated on 2025-04-30 13:54:21 CEST.

Flavor Version Tinstall Tcheck Ttotal Status Flags
r-devel-linux-x86_64-debian-clang 1.2.0 1.60 21.35 22.95 NOTE
r-devel-linux-x86_64-debian-gcc 1.2.0 1.31 17.06 18.37 NOTE
r-devel-linux-x86_64-fedora-clang 1.2.0 36.60 OK
r-devel-linux-x86_64-fedora-gcc 1.2.0 48.52 OK
r-devel-windows-x86_64 1.2.0 3.00 58.00 61.00 OK
r-patched-linux-x86_64 1.2.0 1.65 20.89 22.54 OK
r-release-linux-x86_64 1.2.0 1.30 20.75 22.05 OK
r-release-macos-arm64 1.2.0 22.00 OK
r-release-macos-x86_64 1.2.0 40.00 OK
r-release-windows-x86_64 1.2.0 4.00 48.00 52.00 OK
r-oldrel-macos-arm64 1.2.0 22.00 NOTE
r-oldrel-macos-x86_64 1.2.0 34.00 NOTE
r-oldrel-windows-x86_64 1.2.0 3.00 44.00 47.00 NOTE

Check Details

Version: 1.2.0
Check: CRAN incoming feasibility
Result: NOTE Maintainer: ‘"Tao Liu, PhD" <tliu@stat.brown.edu>’ No Authors@R field in DESCRIPTION. Please add one, modifying Authors@R: c(person(given = "\"Tao", family = "Liu"), person(given = c("PhD\"", "\"Yizhen"), family = "Xu", role = c("aut", "cre"), email = "tliu@stat.brown.edu"), person(family = "ScM\"", role = "aut", email = "yizhen_xu@brown.edu")) as necessary. Flavors: r-devel-linux-x86_64-debian-clang, r-devel-linux-x86_64-debian-gcc

Version: 1.2.0
Check: LazyData
Result: NOTE 'LazyData' is specified without a 'data' directory Flavors: r-oldrel-macos-arm64, r-oldrel-macos-x86_64, r-oldrel-windows-x86_64