Last updated on 2025-05-10 10:49:24 CEST.
Flavor | Version | Tinstall | Tcheck | Ttotal | Status | Flags |
---|---|---|---|---|---|---|
r-devel-linux-x86_64-debian-clang | 1.1 | 1.93 | 25.02 | 26.95 | NOTE | |
r-devel-linux-x86_64-debian-gcc | 1.1 | 1.36 | 19.60 | 20.96 | NOTE | |
r-devel-linux-x86_64-fedora-clang | 1.1 | 41.97 | OK | |||
r-devel-linux-x86_64-fedora-gcc | 1.1 | 42.73 | OK | |||
r-devel-windows-x86_64 | 1.1 | 3.00 | 53.00 | 56.00 | OK | |
r-patched-linux-x86_64 | 1.1 | 1.82 | 24.23 | 26.05 | OK | |
r-release-linux-x86_64 | 1.1 | 1.88 | 24.00 | 25.88 | OK | |
r-release-macos-arm64 | 1.1 | 19.00 | OK | |||
r-release-macos-x86_64 | 1.1 | 31.00 | OK | |||
r-release-windows-x86_64 | 1.1 | 3.00 | 53.00 | 56.00 | OK | |
r-oldrel-macos-arm64 | 1.1 | 17.00 | OK | |||
r-oldrel-macos-x86_64 | 1.1 | 25.00 | OK | |||
r-oldrel-windows-x86_64 | 1.1 | 2.00 | 55.00 | 57.00 | OK |
Version: 1.1
Check: CRAN incoming feasibility
Result: NOTE
Maintainer: ‘Kobi Perl <kobipe3@gmail.com>’
No Authors@R field in DESCRIPTION.
Please add one, modifying
Authors@R: person(given = "Kobi",
family = "Perl",
role = c("aut", "cre"),
email = "kobipe3@gmail.com")
as necessary.
Package CITATION file contains call(s) to old-style citEntry(). Please
use bibentry() instead.
Flavors: r-devel-linux-x86_64-debian-clang, r-devel-linux-x86_64-debian-gcc