Last updated on 2024-06-29 11:49:16 CEST.
Flavor | Version | Tinstall | Tcheck | Ttotal | Status | Flags |
---|---|---|---|---|---|---|
r-devel-linux-x86_64-debian-clang | 1.3.1 | 704.24 | 332.53 | 1036.77 | OK | |
r-devel-linux-x86_64-debian-gcc | 1.3.1 | 505.61 | 278.68 | 784.29 | OK | |
r-devel-linux-x86_64-fedora-clang | 1.3.1 | 1602.97 | OK | |||
r-devel-linux-x86_64-fedora-gcc | 1.3.1 | 1724.45 | OK | |||
r-devel-windows-x86_64 | 1.3.1 | 542.00 | 363.00 | 905.00 | OK | |
r-patched-linux-x86_64 | 1.3.1 | 448.89 | 343.76 | 792.65 | OK | |
r-release-linux-x86_64 | 1.3.1 | 464.81 | 343.08 | 807.89 | OK | |
r-release-macos-arm64 | 1.3.1 | 283.00 | NOTE | |||
r-release-macos-x86_64 | 1.3.1 | 325.00 | NOTE | |||
r-release-windows-x86_64 | 1.3.1 | 534.00 | 355.00 | 889.00 | OK | |
r-oldrel-macos-arm64 | 1.3.1 | 287.00 | NOTE | |||
r-oldrel-macos-x86_64 | 1.3.1 | 468.00 | NOTE | |||
r-oldrel-windows-x86_64 | 1.3.1 | 674.00 | 424.00 | 1098.00 | OK |
Version: 1.3.1
Check: installed package size
Result: NOTE
installed size is 17.2Mb
sub-directories of 1Mb or more:
libs 16.5Mb
Flavors: r-release-macos-arm64, r-release-macos-x86_64, r-oldrel-macos-arm64, r-oldrel-macos-x86_64