Last updated on 2025-04-30 07:55:12 CEST.
Flavor | Version | Tinstall | Tcheck | Ttotal | Status | Flags |
---|---|---|---|---|---|---|
r-devel-linux-x86_64-debian-clang | 0.5.4 | 2.71 | 25.44 | 28.15 | NOTE | |
r-devel-linux-x86_64-debian-gcc | 0.5.4 | 1.91 | 18.88 | 20.79 | NOTE | |
r-devel-linux-x86_64-fedora-clang | 0.5.4 | 44.28 | OK | |||
r-devel-linux-x86_64-fedora-gcc | 0.5.4 | 42.26 | OK | |||
r-devel-windows-x86_64 | 0.5.4 | 4.00 | 53.00 | 57.00 | OK | |
r-patched-linux-x86_64 | 0.5.4 | 2.67 | 24.51 | 27.18 | OK | |
r-release-linux-x86_64 | 0.5.4 | 2.64 | 24.48 | 27.12 | OK | |
r-release-macos-arm64 | 0.5.4 | 28.00 | OK | |||
r-release-macos-x86_64 | 0.5.4 | 29.00 | OK | |||
r-release-windows-x86_64 | 0.5.4 | 3.00 | 52.00 | 55.00 | OK | |
r-oldrel-macos-arm64 | 0.5.4 | 16.00 | OK | |||
r-oldrel-macos-x86_64 | 0.5.4 | 24.00 | OK | |||
r-oldrel-windows-x86_64 | 0.5.4 | 3.00 | 53.00 | 56.00 | OK |
Version: 0.5.4
Check: CRAN incoming feasibility
Result: NOTE
Maintainer: ‘Adam Mantz <amantz@slac.stanford.edu>’
No Authors@R field in DESCRIPTION.
Please add one, modifying
Authors@R: person(given = "Adam",
family = "Mantz",
role = c("aut", "cre"),
email = "amantz@slac.stanford.edu")
as necessary.
Flavors: r-devel-linux-x86_64-debian-clang, r-devel-linux-x86_64-debian-gcc
Version: 0.5.4
Check: examples
Result: NOTE
Examples with CPU (user + system) or elapsed time > 5s
user system elapsed
Gibbs.regression 4.239 0.075 5.533
Flavor: r-devel-linux-x86_64-debian-clang