Last updated on 2025-04-29 19:50:36 CEST.
Flavor | Version | Tinstall | Tcheck | Ttotal | Status | Flags |
---|---|---|---|---|---|---|
r-devel-linux-x86_64-debian-clang | 1.0 | 14.80 | 122.91 | 137.71 | NOTE | |
r-devel-linux-x86_64-debian-gcc | 1.0 | 10.78 | 87.23 | 98.01 | OK | |
r-devel-linux-x86_64-fedora-clang | 1.0 | 223.31 | OK | |||
r-devel-linux-x86_64-fedora-gcc | 1.0 | 208.94 | OK | |||
r-devel-windows-x86_64 | 1.0 | 17.00 | 124.00 | 141.00 | OK | |
r-patched-linux-x86_64 | 1.0 | 13.96 | 115.18 | 129.14 | OK | |
r-release-linux-x86_64 | 1.0 | 12.16 | 113.80 | 125.96 | OK | |
r-release-macos-arm64 | 1.0 | 57.00 | OK | |||
r-release-macos-x86_64 | 1.0 | 95.00 | OK | |||
r-release-windows-x86_64 | 1.0 | 16.00 | 124.00 | 140.00 | OK | |
r-oldrel-macos-arm64 | 1.0 | 56.00 | OK | |||
r-oldrel-macos-x86_64 | 1.0 | 106.00 | OK | |||
r-oldrel-windows-x86_64 | 1.0 | 22.00 | 152.00 | 174.00 | OK |
Version: 1.0
Check: examples
Result: NOTE
Examples with CPU (user + system) or elapsed time > 5s
user system elapsed
estimate_surrogate_value 5.683 0.414 6.891
presmooth_data 5.111 0.105 5.716
Flavor: r-devel-linux-x86_64-debian-clang