Last updated on 2024-06-29 11:49:16 CEST.
Flavor | Version | Tinstall | Tcheck | Ttotal | Status | Flags |
---|---|---|---|---|---|---|
r-devel-linux-x86_64-debian-clang | 0.3.0 | 51.48 | 569.63 | 621.11 | OK | |
r-devel-linux-x86_64-debian-gcc | 0.3.0 | 50.62 | 437.97 | 488.59 | OK | |
r-devel-linux-x86_64-fedora-clang | 0.3.0 | 856.47 | OK | |||
r-devel-linux-x86_64-fedora-gcc | 0.3.0 | 833.35 | OK | |||
r-devel-windows-x86_64 | 0.3.0 | 47.00 | 397.00 | 444.00 | OK | |
r-patched-linux-x86_64 | 0.3.0 | 44.01 | 550.65 | 594.66 | OK | |
r-release-linux-x86_64 | 0.3.0 | 46.82 | 565.52 | 612.34 | OK | |
r-release-macos-arm64 | 0.3.0 | 191.00 | NOTE | |||
r-release-macos-x86_64 | 0.3.0 | 304.00 | NOTE | |||
r-release-windows-x86_64 | 0.3.0 | 51.00 | 391.00 | 442.00 | OK | |
r-oldrel-macos-arm64 | 0.3.0 | 192.00 | NOTE | |||
r-oldrel-macos-x86_64 | 0.3.0 | 419.00 | NOTE | |||
r-oldrel-windows-x86_64 | 0.3.0 | 66.00 | 460.00 | 526.00 | NOTE |
Version: 0.3.0
Check: package dependencies
Result: NOTE
Package suggested but not available for checking: ‘EnsDb.Hsapiens.v75’
Flavors: r-release-macos-arm64, r-release-macos-x86_64, r-oldrel-macos-arm64, r-oldrel-macos-x86_64, r-oldrel-windows-x86_64
Version: 0.3.0
Check: re-building of vignette outputs
Result: NOTE
Note: skipping ‘locuszoomr.Rmd’ due to unavailable dependencies:
'EnsDb.Hsapiens.v75'
Flavors: r-release-macos-arm64, r-release-macos-x86_64, r-oldrel-macos-arm64, r-oldrel-macos-x86_64, r-oldrel-windows-x86_64