Last updated on 2025-02-22 14:53:43 CET.
Flavor | Version | Tinstall | Tcheck | Ttotal | Status | Flags |
---|---|---|---|---|---|---|
r-devel-linux-x86_64-debian-clang | 1.9 | 53.63 | 82.64 | 136.27 | OK | |
r-devel-linux-x86_64-debian-gcc | 1.9 | 46.13 | 62.32 | 108.45 | OK | |
r-devel-linux-x86_64-fedora-clang | 1.9 | 221.43 | OK | |||
r-devel-linux-x86_64-fedora-gcc | 1.9 | 239.67 | OK | |||
r-devel-macos-arm64 | 1.9 | 67.00 | OK | |||
r-devel-macos-x86_64 | 1.9 | 141.00 | OK | |||
r-devel-windows-x86_64 | 1.9 | 55.00 | 111.00 | 166.00 | OK | |
r-patched-linux-x86_64 | 1.9 | 63.88 | 80.09 | 143.97 | OK | |
r-release-linux-x86_64 | 1.9 | 59.14 | 80.74 | 139.88 | OK | |
r-release-macos-arm64 | 1.9 | 66.00 | NOTE | |||
r-release-macos-x86_64 | 1.9 | 91.00 | NOTE | |||
r-release-windows-x86_64 | 1.9 | 61.00 | 111.00 | 172.00 | OK | |
r-oldrel-macos-arm64 | 1.9 | 75.00 | NOTE | |||
r-oldrel-macos-x86_64 | 1.9 | 112.00 | NOTE | |||
r-oldrel-windows-x86_64 | 1.9 | 73.00 | 140.00 | 213.00 | OK |
Version: 1.9
Check: installed package size
Result: NOTE
installed size is 27.9Mb
sub-directories of 1Mb or more:
libs 27.8Mb
Flavors: r-release-macos-arm64, r-release-macos-x86_64, r-oldrel-macos-arm64, r-oldrel-macos-x86_64