Last updated on 2025-05-09 16:53:01 CEST.
Flavor | Version | Tinstall | Tcheck | Ttotal | Status | Flags |
---|---|---|---|---|---|---|
r-devel-linux-x86_64-debian-clang | 1.1.1 | 2.99 | 59.49 | 62.48 | NOTE | |
r-devel-linux-x86_64-debian-gcc | 1.1.1 | 2.02 | 43.85 | 45.87 | NOTE | |
r-devel-linux-x86_64-fedora-clang | 1.1.1 | 90.56 | NOTE | |||
r-devel-linux-x86_64-fedora-gcc | 1.1.1 | 101.49 | NOTE | |||
r-devel-windows-x86_64 | 1.1.1 | 4.00 | 89.00 | 93.00 | NOTE | |
r-patched-linux-x86_64 | 1.1.1 | 3.33 | 55.70 | 59.03 | NOTE | |
r-release-linux-x86_64 | 1.1.1 | 2.83 | 55.80 | 58.63 | NOTE | |
r-release-macos-arm64 | 1.1.1 | 55.00 | NOTE | |||
r-release-macos-x86_64 | 1.1.1 | 84.00 | NOTE | |||
r-release-windows-x86_64 | 1.1.1 | 4.00 | 89.00 | 93.00 | NOTE | |
r-oldrel-macos-arm64 | 1.1.1 | 33.00 | NOTE | |||
r-oldrel-macos-x86_64 | 1.1.1 | 66.00 | NOTE | |||
r-oldrel-windows-x86_64 | 1.1.1 | 4.00 | 102.00 | 106.00 | NOTE |
Version: 1.1.1
Check: package subdirectories
Result: NOTE
Problems with news in ‘NEWS.md’:
Cannot extract version info from the following section titles:
Author
Maintainer
Flavors: r-devel-linux-x86_64-debian-clang, r-devel-linux-x86_64-debian-gcc, r-devel-linux-x86_64-fedora-clang, r-devel-linux-x86_64-fedora-gcc, r-devel-windows-x86_64, r-patched-linux-x86_64, r-release-linux-x86_64, r-release-macos-arm64, r-release-macos-x86_64, r-release-windows-x86_64, r-oldrel-macos-arm64, r-oldrel-macos-x86_64, r-oldrel-windows-x86_64