Last updated on 2024-06-29 11:49:16 CEST.
Flavor | Version | Tinstall | Tcheck | Ttotal | Status | Flags |
---|---|---|---|---|---|---|
r-devel-linux-x86_64-debian-clang | 1.1-35.4 | 112.37 | 593.00 | 705.37 | NOTE | |
r-devel-linux-x86_64-debian-gcc | 1.1-35.4 | 84.53 | 433.79 | 518.32 | NOTE | |
r-devel-linux-x86_64-fedora-clang | 1.1-35.4 | 934.59 | NOTE | |||
r-devel-linux-x86_64-fedora-gcc | 1.1-35.4 | 872.84 | NOTE | |||
r-devel-windows-x86_64 | 1.1-35.4 | 91.00 | 387.00 | 478.00 | NOTE | |
r-patched-linux-x86_64 | 1.1-35.4 | 107.09 | 567.36 | 674.45 | OK | |
r-release-linux-x86_64 | 1.1-35.4 | 105.57 | 565.15 | 670.72 | OK | |
r-release-macos-arm64 | 1.1-35.4 | 167.00 | NOTE | |||
r-release-macos-x86_64 | 1.1-35.4 | 281.00 | NOTE | |||
r-release-windows-x86_64 | 1.1-35.4 | 90.00 | 405.00 | 495.00 | NOTE | |
r-oldrel-macos-arm64 | 1.1-35.4 | 242.00 | NOTE | |||
r-oldrel-macos-x86_64 | 1.1-35.4 | 431.00 | NOTE | |||
r-oldrel-windows-x86_64 | 1.1-35.4 | 111.00 | 492.00 | 603.00 | NOTE |
Version: 1.1-35.4
Check: compiled code
Result: NOTE
File ‘lme4/libs/lme4.so’:
Found non-API call to R: ‘SET_TYPEOF’
Compiled code should not call non-API entry points in R.
See ‘Writing portable packages’ in the ‘Writing R Extensions’ manual.
See section ‘Moving into C API compliance’ in the ‘Writing R
Extensions’ manual for issues with use of non-API entry points.
Flavors: r-devel-linux-x86_64-debian-clang, r-devel-linux-x86_64-debian-gcc, r-devel-linux-x86_64-fedora-clang, r-devel-linux-x86_64-fedora-gcc
Version: 1.1-35.4
Check: installed package size
Result: NOTE
installed size is 5.9Mb
sub-directories of 1Mb or more:
R 1.5Mb
doc 1.6Mb
testdata 1.3Mb
Flavors: r-devel-linux-x86_64-fedora-clang, r-devel-windows-x86_64, r-release-macos-arm64, r-release-macos-x86_64, r-release-windows-x86_64, r-oldrel-macos-arm64, r-oldrel-macos-x86_64, r-oldrel-windows-x86_64
Version: 1.1-35.4
Check: compiled code
Result: NOTE
File 'lme4/libs/x64/lme4.dll':
Found non-API call to R: 'SET_TYPEOF'
Compiled code should not call non-API entry points in R.
See 'Writing portable packages' in the 'Writing R Extensions' manual.
See section 'Moving into C API compliance' in the 'Writing R
Extensions' manual for issues with use of non-API entry points.
Flavor: r-devel-windows-x86_64