Last updated on 2025-04-30 07:55:12 CEST.
Flavor | Version | Tinstall | Tcheck | Ttotal | Status | Flags |
---|---|---|---|---|---|---|
r-devel-linux-x86_64-debian-clang | 1.0.0 | 94.37 | 32.96 | 127.33 | NOTE | |
r-devel-linux-x86_64-debian-gcc | 1.0.0 | 64.16 | 26.46 | 90.62 | NOTE | |
r-devel-linux-x86_64-fedora-clang | 1.0.0 | 249.96 | NOTE | |||
r-devel-linux-x86_64-fedora-gcc | 1.0.0 | 246.35 | NOTE | |||
r-devel-windows-x86_64 | 1.0.0 | 108.00 | 78.00 | 186.00 | NOTE | |
r-patched-linux-x86_64 | 1.0.0 | 90.92 | 31.18 | 122.10 | NOTE | |
r-release-linux-x86_64 | 1.0.0 | 79.65 | 30.91 | 110.56 | NOTE | |
r-release-macos-arm64 | 1.0.0 | 55.00 | NOTE | |||
r-release-macos-x86_64 | 1.0.0 | 73.00 | NOTE | |||
r-release-windows-x86_64 | 1.0.0 | 109.00 | 81.00 | 190.00 | NOTE | |
r-oldrel-macos-arm64 | 1.0.0 | 63.00 | NOTE | |||
r-oldrel-macos-x86_64 | 1.0.0 | 83.00 | NOTE | |||
r-oldrel-windows-x86_64 | 1.0.0 | 122.00 | 90.00 | 212.00 | NOTE |
Version: 1.0.0
Check: Rd files
Result: NOTE
checkRd: (-1) lit.Rd:21: Lost braces in \itemize; \value handles \item{}{} directly
checkRd: (-1) lit.Rd:22: Lost braces in \itemize; \value handles \item{}{} directly
checkRd: (-1) lit.Rd:23: Lost braces in \itemize; \value handles \item{}{} directly
checkRd: (-1) lit_plink.Rd:23: Lost braces in \itemize; \value handles \item{}{} directly
checkRd: (-1) lit_plink.Rd:24: Lost braces in \itemize; \value handles \item{}{} directly
checkRd: (-1) lit_plink.Rd:25: Lost braces in \itemize; \value handles \item{}{} directly
Flavors: r-devel-linux-x86_64-debian-clang, r-devel-linux-x86_64-debian-gcc, r-devel-linux-x86_64-fedora-clang, r-devel-linux-x86_64-fedora-gcc, r-devel-windows-x86_64, r-patched-linux-x86_64, r-release-linux-x86_64, r-release-macos-arm64, r-release-macos-x86_64, r-release-windows-x86_64, r-oldrel-macos-arm64, r-oldrel-macos-x86_64, r-oldrel-windows-x86_64
Version: 1.0.0
Check: Rd cross-references
Result: NOTE
Found the following Rd file(s) with Rd \link{} targets missing package
anchors:
gamut_plink.Rd: genio
lit_plink.Rd: genio
marginal_plink.Rd: genio
Please provide package anchors for all Rd \link{} targets not in the
package itself and the base packages.
Flavors: r-devel-linux-x86_64-debian-clang, r-devel-linux-x86_64-debian-gcc, r-devel-windows-x86_64, r-patched-linux-x86_64, r-release-linux-x86_64, r-release-windows-x86_64