Last updated on 2024-06-29 11:49:15 CEST.
Flavor | Version | Tinstall | Tcheck | Ttotal | Status | Flags |
---|---|---|---|---|---|---|
r-devel-linux-x86_64-debian-clang | 0.4.9 | 11.84 | 218.78 | 230.62 | NOTE | |
r-devel-linux-x86_64-debian-gcc | 0.4.9 | 8.96 | 159.74 | 168.70 | NOTE | |
r-devel-linux-x86_64-fedora-clang | 0.4.9 | 282.89 | NOTE | |||
r-devel-linux-x86_64-fedora-gcc | 0.4.9 | 283.87 | NOTE | |||
r-devel-windows-x86_64 | 0.4.9 | 11.00 | 171.00 | 182.00 | NOTE | |
r-patched-linux-x86_64 | 0.4.9 | 12.49 | 206.58 | 219.07 | NOTE | |
r-release-linux-x86_64 | 0.4.9 | 10.41 | 203.00 | 213.41 | NOTE | |
r-release-macos-arm64 | 0.4.9 | 80.00 | OK | |||
r-release-macos-x86_64 | 0.4.9 | 132.00 | OK | |||
r-release-windows-x86_64 | 0.4.9 | 11.00 | 165.00 | 176.00 | NOTE | |
r-oldrel-macos-arm64 | 0.4.9 | 88.00 | OK | |||
r-oldrel-macos-x86_64 | 0.4.9 | 177.00 | OK | |||
r-oldrel-windows-x86_64 | 0.4.9 | 15.00 | 195.00 | 210.00 | OK |
Version: 0.4.9
Check: HTML version of manual
Result: NOTE
Found the following HTML validation problems:
annotate_axis.html:91:1 (annotate_axis.Rd:54): Warning: trimming empty <h3>
Flavors: r-devel-linux-x86_64-debian-clang, r-devel-linux-x86_64-debian-gcc, r-devel-linux-x86_64-fedora-clang, r-devel-linux-x86_64-fedora-gcc, r-devel-windows-x86_64, r-patched-linux-x86_64, r-release-linux-x86_64, r-release-windows-x86_64